CRAN Package Check Results for Package ztpln

Last updated on 2021-06-15 08:50:15 CEST.

Flavor Version Tinstall Tcheck Ttotal Status Flags
r-devel-linux-x86_64-debian-clang 0.1.1 50.46 81.16 131.62 NOTE
r-devel-linux-x86_64-debian-gcc 0.1.1 36.15 66.11 102.26 NOTE
r-devel-linux-x86_64-fedora-clang 0.1.1 162.65 NOTE
r-devel-linux-x86_64-fedora-gcc 0.1.1 152.60 NOTE
r-devel-windows-x86_64 0.1.1 63.00 122.00 185.00 NOTE
r-devel-windows-x86_64-gcc10-UCRT 0.1.1 NOTE
r-patched-linux-x86_64 0.1.1 44.41 74.68 119.09 NOTE
r-patched-solaris-x86 0.1.1 218.30 NOTE
r-release-linux-x86_64 0.1.1 45.62 73.17 118.79 NOTE
r-release-macos-arm64 0.1.1 NOTE
r-release-macos-x86_64 0.1.1 NOTE
r-release-windows-ix86+x86_64 0.1.1 116.00 174.00 290.00 NOTE
r-oldrel-macos-x86_64 0.1.1 NOTE
r-oldrel-windows-ix86+x86_64 0.1.1 84.00 237.00 321.00 OK

Check Details

Version: 0.1.1
Check: LazyData
Result: NOTE
     'LazyData' is specified without a 'data' directory
Flavors: r-devel-linux-x86_64-debian-clang, r-devel-linux-x86_64-debian-gcc, r-devel-linux-x86_64-fedora-clang, r-devel-linux-x86_64-fedora-gcc, r-devel-windows-x86_64, r-devel-windows-x86_64-gcc10-UCRT, r-patched-linux-x86_64, r-patched-solaris-x86, r-release-linux-x86_64, r-release-macos-arm64, r-release-macos-x86_64, r-release-windows-ix86+x86_64

Version: 0.1.1
Check: installed package size
Result: NOTE
     installed size is 7.1Mb
     sub-directories of 1Mb or more:
     libs 6.8Mb
Flavors: r-devel-linux-x86_64-fedora-clang, r-release-macos-arm64, r-release-macos-x86_64, r-oldrel-macos-x86_64