CRAN Package Check Results for Package zonebuilder

Last updated on 2021-08-05 07:49:59 CEST.

Flavor Version Tinstall Tcheck Ttotal Status Flags
r-devel-linux-x86_64-debian-clang 0.0.2 5.09 74.36 79.45 OK
r-devel-linux-x86_64-debian-gcc 0.0.2 3.99 60.63 64.62 OK
r-devel-linux-x86_64-fedora-clang 0.0.2 118.23 OK
r-devel-linux-x86_64-fedora-gcc 0.0.2 106.32 OK
r-devel-windows-x86_64 0.0.2 9.00 86.00 95.00 OK
r-devel-windows-x86_64-gcc10-UCRT 0.0.2 ERROR
r-patched-linux-x86_64 0.0.2 5.10 71.42 76.52 OK
r-patched-solaris-x86 0.0.2 138.80 OK
r-release-linux-x86_64 0.0.2 4.91 69.90 74.81 OK
r-release-macos-arm64 0.0.2 OK
r-release-macos-x86_64 0.0.2 OK
r-release-windows-ix86+x86_64 0.0.2 14.00 82.00 96.00 OK
r-oldrel-macos-x86_64 0.0.2 OK
r-oldrel-windows-ix86+x86_64 0.0.2 11.00 107.00 118.00 OK

Check Details

Version: 0.0.2
Check: package dependencies
Result: ERROR
    Package required but not available: 'sf'
    
    Packages suggested but not available for checking:
     'tmap', 'tmaptools', 'pct', 'dplyr', 'lwgeom', 'leaflet'
    
    See section 'The DESCRIPTION file' in the 'Writing R Extensions'
    manual.
Flavor: r-devel-windows-x86_64-gcc10-UCRT