CRAN Package Check Results for Package zonator

Last updated on 2021-10-18 07:50:01 CEST.

Flavor Version Tinstall Tcheck Ttotal Status Flags
r-devel-linux-x86_64-debian-clang 0.6.0 33.07 177.07 210.14 NOTE
r-devel-linux-x86_64-debian-gcc 0.6.0 28.37 143.16 171.53 NOTE
r-devel-linux-x86_64-fedora-clang 0.6.0 383.31 NOTE
r-devel-linux-x86_64-fedora-gcc 0.6.0 249.36 NOTE
r-devel-windows-x86_64 0.6.0 50.00 221.00 271.00 NOTE
r-devel-windows-x86_64-gcc10-UCRT 0.6.0 NOTE
r-patched-linux-x86_64 0.6.0 34.59 167.91 202.50 NOTE
r-patched-solaris-x86 0.6.0 236.80 NOTE
r-release-linux-x86_64 0.6.0 28.14 169.47 197.61 NOTE
r-release-macos-arm64 0.6.0 NOTE
r-release-macos-x86_64 0.6.0 NOTE
r-release-windows-ix86+x86_64 0.6.0 72.00 304.00 376.00 NOTE
r-oldrel-macos-x86_64 0.6.0 NOTE
r-oldrel-windows-ix86+x86_64 0.6.0 36.00 159.00 195.00 NOTE

Check Details

Version: 0.6.0
Check: package dependencies
Result: NOTE
    Package suggested but not available for checking: 'zdat'
Flavors: r-devel-linux-x86_64-debian-clang, r-devel-linux-x86_64-debian-gcc, r-devel-linux-x86_64-fedora-clang, r-devel-linux-x86_64-fedora-gcc, r-devel-windows-x86_64, r-devel-windows-x86_64-gcc10-UCRT, r-patched-linux-x86_64, r-patched-solaris-x86, r-release-linux-x86_64, r-release-macos-arm64, r-release-macos-x86_64, r-release-windows-ix86+x86_64, r-oldrel-macos-x86_64, r-oldrel-windows-ix86+x86_64