CRAN Package Check Results for Package zipcodeR

Last updated on 2021-06-25 08:50:20 CEST.

Flavor Version Tinstall Tcheck Ttotal Status Flags
r-devel-linux-x86_64-debian-clang 0.3.1 17.81 140.42 158.23 OK
r-devel-linux-x86_64-debian-gcc 0.3.1 14.39 111.76 126.15 OK
r-devel-linux-x86_64-fedora-clang 0.3.1 200.32 NOTE
r-devel-linux-x86_64-fedora-gcc 0.3.1 193.30 NOTE
r-devel-windows-x86_64 0.3.1 29.00 191.00 220.00 OK
r-devel-windows-x86_64-gcc10-UCRT 0.3.1 NOTE
r-patched-linux-x86_64 0.3.1 12.57 134.46 147.03 OK
r-patched-solaris-x86 0.3.1 321.80 NOTE
r-release-linux-x86_64 0.3.1 16.27 132.57 148.84 OK
r-release-macos-arm64 0.3.1 NOTE
r-release-macos-x86_64 0.3.1 NOTE
r-release-windows-ix86+x86_64 0.3.1 35.00 216.00 251.00 OK
r-oldrel-macos-x86_64 0.3.1 NOTE
r-oldrel-windows-ix86+x86_64 0.3.1 47.00 207.00 254.00 OK

Check Details

Version: 0.3.1
Check: data for non-ASCII characters
Result: NOTE
     Note: found 5 marked UTF-8 strings
Flavors: r-devel-linux-x86_64-fedora-clang, r-devel-linux-x86_64-fedora-gcc, r-devel-windows-x86_64-gcc10-UCRT, r-patched-solaris-x86, r-release-macos-arm64, r-release-macos-x86_64, r-oldrel-macos-x86_64