CRAN Package Check Results for Package yotover

Last updated on 2021-05-10 07:48:33 CEST.

Flavor Version Tinstall Tcheck Ttotal Status Flags
r-devel-linux-x86_64-debian-clang 0.3.5 8.07 89.74 97.81 NOTE
r-devel-linux-x86_64-debian-gcc 0.3.5 7.77 68.76 76.53 NOTE
r-devel-linux-x86_64-fedora-clang 0.3.5 128.16 NOTE
r-devel-linux-x86_64-fedora-gcc 0.3.5 112.73 NOTE
r-devel-windows-ix86+x86_64 0.3.5 34.00 116.00 150.00 NOTE
r-devel-windows-x86_64-gcc10-UCRT 0.3.5 NOTE
r-patched-linux-x86_64 0.3.5 8.11 85.24 93.35 NOTE
r-patched-solaris-x86 0.3.5 169.00 NOTE
r-release-linux-x86_64 0.3.5 7.81 82.93 90.74 OK
r-release-macos-x86_64 0.3.5 NOTE
r-release-windows-ix86+x86_64 0.3.5 18.00 93.00 111.00 OK
r-oldrel-macos-x86_64 0.3.5 ERROR
r-oldrel-windows-ix86+x86_64 0.3.2 36.00 102.00 138.00 OK

Check Details

Version: 0.3.5
Check: LazyData
Result: NOTE
     'LazyData' is specified without a 'data' directory
Flavors: r-devel-linux-x86_64-debian-clang, r-devel-linux-x86_64-debian-gcc, r-devel-linux-x86_64-fedora-clang, r-devel-linux-x86_64-fedora-gcc, r-devel-windows-ix86+x86_64, r-devel-windows-x86_64-gcc10-UCRT, r-patched-linux-x86_64, r-patched-solaris-x86

Version: 0.3.5
Check: dependencies in R code
Result: NOTE
    Namespaces in Imports field not imported from:
     ‘Matrix’ ‘dbplyr’ ‘ggplot2’ ‘magrittr’ ‘tidyr’
     All declared Imports should be used.
Flavors: r-devel-linux-x86_64-fedora-clang, r-devel-linux-x86_64-fedora-gcc, r-devel-windows-x86_64-gcc10-UCRT, r-patched-solaris-x86, r-release-macos-x86_64

Version: 0.3.5
Check: whether package can be installed
Result: ERROR
    Installation failed.
Flavor: r-oldrel-macos-x86_64