CRAN Package Check Results for Package xpose.nlmixr

Last updated on 2021-07-31 07:51:05 CEST.

Flavor Version Tinstall Tcheck Ttotal Status Flags
r-devel-linux-x86_64-debian-clang 0.2.0 10.12 76.62 86.74 OK
r-devel-linux-x86_64-debian-gcc 0.2.0 7.96 57.49 65.45 OK
r-devel-linux-x86_64-fedora-clang 0.2.0 116.18 NOTE
r-devel-linux-x86_64-fedora-gcc 0.2.0 99.09 NOTE
r-devel-windows-x86_64 0.2.0 21.00 99.00 120.00 OK
r-devel-windows-x86_64-gcc10-UCRT 0.2.0 NOTE
r-patched-linux-x86_64 0.2.0 OK
r-patched-solaris-x86 0.2.0 149.60 NOTE
r-release-linux-x86_64 0.2.0 9.53 71.17 80.70 OK
r-release-macos-arm64 0.2.0 ERROR
r-release-macos-x86_64 0.2.0 NOTE
r-release-windows-ix86+x86_64 0.2.0 25.00 72.00 97.00 OK
r-oldrel-macos-x86_64 0.2.0 NOTE
r-oldrel-windows-ix86+x86_64 0.2.0 41.00 99.00 140.00 OK

Check Details

Version: 0.2.0
Check: dependencies in R code
Result: NOTE
    Namespace in Imports field not imported from: ‘methods’
     All declared Imports should be used.
Flavors: r-devel-linux-x86_64-fedora-clang, r-devel-linux-x86_64-fedora-gcc, r-devel-windows-x86_64-gcc10-UCRT, r-patched-solaris-x86, r-release-macos-x86_64, r-oldrel-macos-x86_64

Version: 0.2.0
Check: Rd cross-references
Result: NOTE
    Undeclared package ‘readr’ in Rd xrefs
Flavor: r-devel-linux-x86_64-fedora-clang

Version: 0.2.0
Check: package dependencies
Result: ERROR
    Package required but not available: ‘nlmixr’
    
    See section ‘The DESCRIPTION file’ in the ‘Writing R Extensions’
    manual.
Flavor: r-release-macos-arm64