CRAN Package Check Results for Package xfun

Last updated on 2021-08-04 07:50:00 CEST.

Flavor Version Tinstall Tcheck Ttotal Status Flags
r-devel-linux-x86_64-debian-clang 0.24 5.75 47.11 52.86 OK
r-devel-linux-x86_64-debian-gcc 0.24 3.75 36.31 40.06 OK
r-devel-linux-x86_64-fedora-clang 0.24 72.75 OK
r-devel-linux-x86_64-fedora-gcc 0.24 75.02 OK
r-devel-windows-x86_64 0.24 10.00 86.00 96.00 OK
r-devel-windows-x86_64-gcc10-UCRT 0.24 ERROR
r-patched-linux-x86_64 0.24 6.97 44.59 51.56 OK
r-patched-solaris-x86 0.24 81.70 OK
r-release-linux-x86_64 0.24 4.96 45.56 50.52 OK
r-release-macos-arm64 0.24 OK
r-release-macos-x86_64 0.24 ERROR
r-release-windows-ix86+x86_64 0.24 1.00 7.00 8.00 ERROR
r-oldrel-macos-x86_64 0.24 OK
r-oldrel-windows-ix86+x86_64 0.24 11.00 106.00 117.00 OK

Check Details

Version: 0.24
Check: tests
Result: ERROR
     Running 'test-all.R'
    Running the tests in 'tests/test-all.R' failed.
    Complete output:
     > library(testit)
     > test_pkg('xfun')
    
     Attaching package: 'xfun'
    
     The following objects are masked from 'package:base':
    
     attr, isFALSE
    
     assertion failed: native_encode() warns against characters that cannot be represented in native encoding
     Error from assert("native_encode() warns against characters that cannot be represented in native encoding", ... at test-encoding.R#3
     Error: (!is_windows() || has_warning({ .... is not TRUE
     Execution halted
Flavor: r-devel-windows-x86_64-gcc10-UCRT

Version: 0.24
Check: examples
Result: ERROR
    Running examples in ‘xfun-Ex.R’ failed
    The error most likely occurred in:
    
    > ### Name: session_info
    > ### Title: An alternative to sessionInfo() to print session information
    > ### Aliases: session_info
    >
    > ### ** Examples
    >
    > xfun::session_info()
    Error in packageVersion(p) : there is no package called ‘stringi’
    Calls: <Anonymous> -> version_info -> lapply -> FUN -> packageVersion
    Execution halted
Flavor: r-release-macos-x86_64

Version: 0.24
Check: re-building of vignette outputs
Result: WARN
    Error(s) in re-building vignettes:
     ...
    --- re-building ‘xfun.Rmd’ using rmarkdown
    Warning in engine$weave(file, quiet = quiet, encoding = enc) :
     Pandoc (>= 1.12.3) not available. Falling back to R Markdown v1.
    Error: processing vignette 'xfun.Rmd' failed with diagnostics:
    there is no package called 'stringi'
    --- failed re-building ‘xfun.Rmd’
    
    SUMMARY: processing the following file failed:
     ‘xfun.Rmd’
    
    Error: Vignette re-building failed.
    Execution halted
Flavor: r-release-macos-x86_64

Version: 0.24
Check: whether package can be installed
Result: ERROR
    Installation failed.
Flavor: r-release-windows-ix86+x86_64