CRAN Package Check Results for Package wpp2019

Last updated on 2021-07-24 07:49:44 CEST.

Flavor Version Tinstall Tcheck Ttotal Status Flags
r-devel-linux-x86_64-debian-clang 1.1-1 2.89 45.84 48.73 OK
r-devel-linux-x86_64-debian-gcc 1.1-1 2.08 34.84 36.92 OK
r-devel-linux-x86_64-fedora-clang 1.1-1 65.74 NOTE
r-devel-linux-x86_64-fedora-gcc 1.1-1 55.27 OK
r-devel-windows-x86_64 1.1-1 7.00 52.00 59.00 NOTE
r-devel-windows-x86_64-gcc10-UCRT 1.1-1 OK
r-patched-linux-x86_64 1.1-1 2.75 42.63 45.38 OK
r-patched-solaris-x86 1.1-1 89.00 NOTE
r-release-linux-x86_64 1.1-1 2.72 42.87 45.59 OK
r-release-macos-arm64 1.1-1 NOTE
r-release-macos-x86_64 1.1-1 NOTE
r-release-windows-ix86+x86_64 1.1-1 10.00 50.00 60.00 NOTE
r-oldrel-macos-x86_64 1.1-1 NOTE
r-oldrel-windows-ix86+x86_64 1.1-1 17.00 52.00 69.00 NOTE

Check Details

Version: 1.1-1
Check: installed package size
Result: NOTE
     installed size is 11.4Mb
     sub-directories of 1Mb or more:
     data 11.3Mb
Flavors: r-devel-linux-x86_64-fedora-clang, r-devel-windows-x86_64, r-patched-solaris-x86, r-release-macos-arm64, r-release-macos-x86_64, r-release-windows-ix86+x86_64, r-oldrel-macos-x86_64, r-oldrel-windows-ix86+x86_64