CRAN Package Check Results for Package wpp2010

Last updated on 2021-11-26 08:51:46 CET.

Flavor Version Tinstall Tcheck Ttotal Status Flags
r-devel-linux-x86_64-debian-clang 1.2-0 2.04 23.78 25.82 NOTE
r-devel-linux-x86_64-debian-gcc 1.2-0 1.65 19.48 21.13 NOTE
r-devel-linux-x86_64-fedora-clang 1.2-0 43.64 NOTE
r-devel-linux-x86_64-fedora-gcc 1.2-0 33.20 NOTE
r-devel-windows-x86_64-new-UL 1.2-0 7.00 64.00 71.00 NOTE
r-devel-windows-x86_64-new-TK 1.2-0 NOTE
r-devel-windows-x86_64-old 1.2-0 5.00 33.00 38.00 NOTE
r-patched-linux-x86_64 1.2-0 2.11 23.58 25.69 NOTE
r-patched-solaris-x86 1.2-0 54.40 NOTE
r-release-linux-x86_64 1.2-0 NOTE
r-release-macos-arm64 1.2-0 NOTE
r-release-macos-x86_64 1.2-0 NOTE
r-release-windows-ix86+x86_64 1.2-0 6.00 30.00 36.00 NOTE
r-oldrel-macos-x86_64 1.2-0 NOTE
r-oldrel-windows-ix86+x86_64 1.2-0 6.00 31.00 37.00 NOTE

Check Details

Version: 1.2-0
Check: DESCRIPTION meta-information
Result: NOTE
    Malformed Description field: should contain one or more complete sentences.
Flavors: r-devel-linux-x86_64-debian-clang, r-devel-linux-x86_64-debian-gcc, r-devel-linux-x86_64-fedora-clang, r-devel-linux-x86_64-fedora-gcc, r-devel-windows-x86_64-new-UL, r-devel-windows-x86_64-new-TK, r-devel-windows-x86_64-old, r-patched-linux-x86_64, r-patched-solaris-x86, r-release-linux-x86_64, r-release-macos-arm64, r-release-macos-x86_64, r-release-windows-ix86+x86_64, r-oldrel-macos-x86_64, r-oldrel-windows-ix86+x86_64

Version: 1.2-0
Check: installed package size
Result: NOTE
     installed size is 6.7Mb
     sub-directories of 1Mb or more:
     data 6.6Mb
Flavors: r-devel-linux-x86_64-fedora-clang, r-devel-windows-x86_64-new-UL, r-devel-windows-x86_64-old, r-patched-solaris-x86, r-release-macos-arm64, r-release-macos-x86_64, r-release-windows-ix86+x86_64, r-oldrel-macos-x86_64, r-oldrel-windows-ix86+x86_64