CRAN Package Check Results for Package worrms

Last updated on 2021-08-05 07:49:58 CEST.

Flavor Version Tinstall Tcheck Ttotal Status Flags
r-devel-linux-x86_64-debian-clang 0.4.2 2.76 41.76 44.52 NOTE
r-devel-linux-x86_64-debian-gcc 0.4.2 2.22 31.66 33.88 NOTE
r-devel-linux-x86_64-fedora-clang 0.4.2 61.73 NOTE
r-devel-linux-x86_64-fedora-gcc 0.4.2 51.75 NOTE
r-devel-windows-x86_64 0.4.2 5.00 48.00 53.00 NOTE
r-devel-windows-x86_64-gcc10-UCRT 0.4.2 ERROR
r-patched-linux-x86_64 0.4.2 3.12 39.87 42.99 NOTE
r-patched-solaris-x86 0.4.2 72.60 NOTE
r-release-linux-x86_64 0.4.2 2.61 40.05 42.66 NOTE
r-release-macos-arm64 0.4.2 NOTE
r-release-macos-x86_64 0.4.2 NOTE
r-release-windows-ix86+x86_64 0.4.2 7.00 46.00 53.00 NOTE
r-oldrel-macos-x86_64 0.4.2 OK
r-oldrel-windows-ix86+x86_64 0.4.2 6.00 58.00 64.00 OK

Check Details

Version: 0.4.2
Check: LazyData
Result: NOTE
     'LazyData' is specified without a 'data' directory
Flavors: r-devel-linux-x86_64-debian-clang, r-devel-linux-x86_64-debian-gcc, r-devel-linux-x86_64-fedora-clang, r-devel-linux-x86_64-fedora-gcc, r-devel-windows-x86_64, r-patched-linux-x86_64, r-patched-solaris-x86, r-release-linux-x86_64, r-release-macos-arm64, r-release-macos-x86_64, r-release-windows-ix86+x86_64

Version: 0.4.2
Check: package dependencies
Result: ERROR
    Package required but not available: 'tibble'
    
    Packages suggested but not available for checking: 'roxygen2', 'testthat'
    
    See section 'The DESCRIPTION file' in the 'Writing R Extensions'
    manual.
Flavor: r-devel-windows-x86_64-gcc10-UCRT