CRAN Package Check Results for Package workflowr

Last updated on 2021-09-16 07:50:14 CEST.

Flavor Version Tinstall Tcheck Ttotal Status Flags
r-devel-linux-x86_64-debian-clang 1.6.2 9.93 188.07 198.00 NOTE
r-devel-linux-x86_64-debian-gcc 1.6.2 7.35 137.81 145.16 NOTE
r-devel-linux-x86_64-fedora-clang 1.6.2 242.82 NOTE
r-devel-linux-x86_64-fedora-gcc 1.6.2 230.29 NOTE
r-devel-windows-x86_64 1.6.2 13.00 192.00 205.00 NOTE
r-devel-windows-x86_64-gcc10-UCRT 1.6.2 NOTE
r-patched-linux-x86_64 1.6.2 13.63 181.02 194.65 NOTE
r-patched-solaris-x86 1.6.2 234.20 NOTE
r-release-linux-x86_64 1.6.2 9.06 184.21 193.27 NOTE
r-release-macos-arm64 1.6.2 NOTE
r-release-macos-x86_64 1.6.2 NOTE
r-release-windows-ix86+x86_64 1.6.2 18.00 149.00 167.00 NOTE
r-oldrel-macos-x86_64 1.6.2 OK
r-oldrel-windows-ix86+x86_64 1.6.2 12.00 170.00 182.00 OK

Check Details

Version: 1.6.2
Check: LazyData
Result: NOTE
     'LazyData' is specified without a 'data' directory
Flavors: r-devel-linux-x86_64-debian-clang, r-devel-linux-x86_64-debian-gcc, r-devel-linux-x86_64-fedora-clang, r-devel-linux-x86_64-fedora-gcc, r-devel-windows-x86_64, r-devel-windows-x86_64-gcc10-UCRT, r-patched-linux-x86_64, r-patched-solaris-x86, r-release-linux-x86_64, r-release-macos-arm64, r-release-macos-x86_64, r-release-windows-ix86+x86_64