CRAN Package Check Results for Package wikitaxa

Last updated on 2021-08-05 07:49:58 CEST.

Flavor Version Tinstall Tcheck Ttotal Status Flags
r-devel-linux-x86_64-debian-clang 0.4.0 3.26 32.95 36.21 OK
r-devel-linux-x86_64-debian-gcc 0.4.0 2.55 25.28 27.83 OK
r-devel-linux-x86_64-fedora-clang 0.4.0 51.38 NOTE
r-devel-linux-x86_64-fedora-gcc 0.4.0 41.37 OK
r-devel-windows-x86_64 0.4.0 6.00 41.00 47.00 OK
r-devel-windows-x86_64-gcc10-UCRT 0.4.0 ERROR
r-patched-linux-x86_64 0.4.0 3.43 30.67 34.10 OK
r-patched-solaris-x86 0.4.0 58.40 OK
r-release-linux-x86_64 0.4.0 3.04 30.84 33.88 OK
r-release-macos-arm64 0.4.0 OK
r-release-macos-x86_64 0.4.0 OK
r-release-windows-ix86+x86_64 0.4.0 8.00 41.00 49.00 OK
r-oldrel-macos-x86_64 0.4.0 OK
r-oldrel-windows-ix86+x86_64 0.4.0 8.00 49.00 57.00 OK

Check Details

Version: 0.4.0
Check: Rd cross-references
Result: NOTE
    Undeclared package ‘httr’ in Rd xrefs
Flavor: r-devel-linux-x86_64-fedora-clang

Version: 0.4.0
Check: package dependencies
Result: ERROR
    Packages required but not available: 'WikidataR', 'tibble'
    
    Package suggested but not available for checking: 'testthat'
    
    See section 'The DESCRIPTION file' in the 'Writing R Extensions'
    manual.
Flavor: r-devel-windows-x86_64-gcc10-UCRT