CRAN Package Check Results for Package widyr

Last updated on 2021-06-22 07:49:50 CEST.

Flavor Version Tinstall Tcheck Ttotal Status Flags
r-devel-linux-x86_64-debian-clang 0.1.3 8.77 122.94 131.71 NOTE
r-devel-linux-x86_64-debian-gcc 0.1.3 7.57 92.67 100.24 NOTE
r-devel-linux-x86_64-fedora-clang 0.1.3 167.83 NOTE
r-devel-linux-x86_64-fedora-gcc 0.1.3 155.68 NOTE
r-devel-windows-x86_64 0.1.3 13.00 159.00 172.00 NOTE
r-devel-windows-x86_64-gcc10-UCRT 0.1.3 NOTE
r-patched-linux-x86_64 0.1.3 9.32 120.27 129.59 NOTE
r-patched-solaris-x86 0.1.3 222.40 NOTE
r-release-linux-x86_64 0.1.3 6.90 118.34 125.24 NOTE
r-release-macos-arm64 0.1.3 NOTE
r-release-macos-x86_64 0.1.3 NOTE
r-release-windows-ix86+x86_64 0.1.3 21.00 159.00 180.00 NOTE
r-oldrel-macos-x86_64 0.1.3 OK

Check Details

Version: 0.1.3
Check: LazyData
Result: NOTE
     'LazyData' is specified without a 'data' directory
Flavors: r-devel-linux-x86_64-debian-clang, r-devel-linux-x86_64-debian-gcc, r-devel-linux-x86_64-fedora-clang, r-devel-linux-x86_64-fedora-gcc, r-devel-windows-x86_64, r-devel-windows-x86_64-gcc10-UCRT, r-patched-linux-x86_64, r-patched-solaris-x86, r-release-linux-x86_64, r-release-macos-arm64, r-release-macos-x86_64, r-release-windows-ix86+x86_64

Version: 0.1.3
Check: package dependencies
Result: NOTE
    Package suggested but not available for checking: 'covr'
Flavor: r-devel-windows-x86_64-gcc10-UCRT