CRAN Package Check Results for Package widgetframe

Last updated on 2021-07-25 07:50:23 CEST.

Flavor Version Tinstall Tcheck Ttotal Status Flags
r-devel-linux-x86_64-debian-clang 0.3.1 2.44 29.53 31.97 NOTE
r-devel-linux-x86_64-debian-gcc 0.3.1 1.94 23.63 25.57 NOTE
r-devel-linux-x86_64-fedora-clang 0.3.1 48.31 NOTE
r-devel-linux-x86_64-fedora-gcc 0.3.1 38.59 NOTE
r-devel-windows-x86_64 0.3.1 3.00 39.00 42.00 NOTE
r-devel-windows-x86_64-gcc10-UCRT 0.3.1 NOTE
r-patched-linux-x86_64 0.3.1 2.49 29.17 31.66 NOTE
r-patched-solaris-x86 0.3.1 58.70 NOTE
r-release-linux-x86_64 0.3.1 2.43 29.10 31.53 NOTE
r-release-macos-arm64 0.3.1 NOTE
r-release-macos-x86_64 0.3.1 NOTE
r-release-windows-ix86+x86_64 0.3.1 7.00 41.00 48.00 NOTE
r-oldrel-macos-x86_64 0.3.1 OK
r-oldrel-windows-ix86+x86_64 0.3.1 6.00 45.00 51.00 OK

Check Details

Version: 0.3.1
Check: LazyData
Result: NOTE
     'LazyData' is specified without a 'data' directory
Flavors: r-devel-linux-x86_64-debian-clang, r-devel-linux-x86_64-debian-gcc, r-devel-linux-x86_64-fedora-clang, r-devel-linux-x86_64-fedora-gcc, r-devel-windows-x86_64, r-devel-windows-x86_64-gcc10-UCRT, r-patched-linux-x86_64, r-patched-solaris-x86, r-release-linux-x86_64, r-release-macos-arm64, r-release-macos-x86_64, r-release-windows-ix86+x86_64