CRAN Package Check Results for Package whisker

Last updated on 2021-09-21 07:50:44 CEST.

Flavor Version Tinstall Tcheck Ttotal Status Flags
r-devel-linux-x86_64-debian-clang 0.4 2.13 22.39 24.52 OK
r-devel-linux-x86_64-debian-gcc 0.4 1.51 17.52 19.03 OK
r-devel-linux-x86_64-fedora-clang 0.4 38.92 OK
r-devel-linux-x86_64-fedora-gcc 0.4 28.13 OK
r-devel-windows-x86_64 0.4 4.00 26.00 30.00 OK
r-devel-windows-x86_64-gcc10-UCRT 0.4 ERROR
r-patched-linux-x86_64 0.4 2.45 21.59 24.04 OK
r-patched-solaris-x86 0.4 42.70 OK
r-release-linux-x86_64 0.4 2.23 21.73 23.96 OK
r-release-macos-arm64 0.4 OK
r-release-macos-x86_64 0.4 OK
r-release-windows-ix86+x86_64 0.4 5.00 28.00 33.00 OK
r-oldrel-macos-x86_64 0.4 OK
r-oldrel-windows-ix86+x86_64 0.4 5.00 29.00 34.00 OK

Check Details

Version: 0.4
Check: whether package can be installed
Result: WARN
    Found the following significant warnings:
     WARNING: installation-time patches will not be applied, could not get the patches index
Flavor: r-devel-windows-x86_64-gcc10-UCRT

Version: 0.4
Check: PDF version of manual
Result: WARN
    LaTeX errors when creating PDF version.
    This typically indicates Rd problems.
Flavor: r-devel-windows-x86_64-gcc10-UCRT

Version: 0.4
Check: PDF version of manual without hyperrefs or index
Result: ERROR
    Re-running with no redirection of stdout/stderr.
Flavor: r-devel-windows-x86_64-gcc10-UCRT