CRAN Package Check Results for Package webreadr

Last updated on 2021-05-11 07:48:11 CEST.

Flavor Version Tinstall Tcheck Ttotal Status Flags
r-devel-linux-x86_64-debian-clang 0.4.0 22.89 40.95 63.84 OK
r-devel-linux-x86_64-debian-gcc 0.4.0 15.40 31.55 46.95 OK
r-devel-linux-x86_64-fedora-clang 0.4.0 96.71 NOTE
r-devel-linux-x86_64-fedora-gcc 0.4.0 75.10 NOTE
r-devel-windows-ix86+x86_64 0.4.0 58.00 92.00 150.00 OK
r-devel-windows-x86_64-gcc10-UCRT 0.4.0 OK
r-patched-linux-x86_64 0.4.0 18.18 39.55 57.73 OK
r-patched-solaris-x86 0.4.0 100.80 NOTE
r-release-linux-x86_64 0.4.0 18.80 38.89 57.69 OK
r-release-macos-x86_64 0.4.0 OK
r-release-windows-ix86+x86_64 0.4.0 41.00 69.00 110.00 OK
r-oldrel-macos-x86_64 0.4.0 OK
r-oldrel-windows-ix86+x86_64 0.4.0 47.00 81.00 128.00 OK

Check Details

Version: 0.4.0
Check: compiled code
Result: NOTE
    File ‘webreadr/libs/webreadr.so’:
     Found no calls to: ‘R_registerRoutines’, ‘R_useDynamicSymbols’
    
    It is good practice to register native routines and to disable symbol
    search.
    
    See ‘Writing portable packages’ in the ‘Writing R Extensions’ manual.
Flavors: r-devel-linux-x86_64-fedora-clang, r-devel-linux-x86_64-fedora-gcc

Version: 0.4.0
Check: package dependencies
Result: NOTE
    Package suggested but not available for checking: ‘iptools’
Flavor: r-patched-solaris-x86