CRAN Package Check Results for Package wdpar

Last updated on 2021-10-27 07:56:25 CEST.

Flavor Version Tinstall Tcheck Ttotal Status Flags
r-devel-linux-x86_64-debian-clang 1.3.1 5.87 67.22 73.09 OK
r-devel-linux-x86_64-debian-gcc 1.3.1 4.15 51.13 55.28 OK
r-devel-linux-x86_64-fedora-clang 1.3.1 98.43 NOTE
r-devel-linux-x86_64-fedora-gcc 1.3.1 87.17 NOTE
r-devel-windows-x86_64 1.3.1 11.00 69.00 80.00 OK
r-devel-windows-x86_64-gcc10-UCRT 1.3.1 NOTE
r-patched-linux-x86_64 1.3.1 5.32 63.61 68.93 OK
r-patched-solaris-x86 1.3.1 129.70 NOTE
r-release-linux-x86_64 1.3.1 5.48 64.84 70.32 OK
r-release-macos-arm64 1.3.1 NOTE
r-release-macos-x86_64 1.3.1 NOTE
r-release-windows-ix86+x86_64 1.3.1 12.00 90.00 102.00 OK
r-oldrel-macos-x86_64 1.3.1 NOTE
r-oldrel-windows-ix86+x86_64 1.3.1 17.00 86.00 103.00 OK

Check Details

Version: 1.3.1
Check: dependencies in R code
Result: NOTE
    Namespace in Imports field not imported from: ‘withr’
     All declared Imports should be used.
Flavors: r-devel-linux-x86_64-fedora-clang, r-devel-linux-x86_64-fedora-gcc, r-devel-windows-x86_64-gcc10-UCRT, r-patched-solaris-x86, r-release-macos-arm64, r-release-macos-x86_64, r-oldrel-macos-x86_64