CRAN Package Check Results for Package vroom

Last updated on 2021-05-16 07:49:03 CEST.

Flavor Version Tinstall Tcheck Ttotal Status Flags
r-devel-linux-x86_64-debian-clang 1.4.0 117.51 107.79 225.30 NOTE
r-devel-linux-x86_64-debian-gcc 1.4.0 89.97 83.97 173.94 NOTE
r-devel-linux-x86_64-fedora-clang 1.4.0 271.53 ERROR
r-devel-linux-x86_64-fedora-gcc 1.4.0 290.16 NOTE
r-devel-windows-ix86+x86_64 1.4.0 303.00 149.00 452.00 NOTE
r-devel-windows-x86_64-gcc10-UCRT 1.4.0 NOTE
r-patched-linux-x86_64 1.4.0 110.09 103.44 213.53 NOTE
r-patched-solaris-x86 1.4.0 310.40 NOTE
r-release-linux-x86_64 1.4.0 104.27 103.95 208.22 OK
r-release-macos-x86_64 1.4.0 NOTE
r-release-windows-ix86+x86_64 1.4.0 222.00 205.00 427.00 NOTE
r-oldrel-macos-x86_64 1.4.0 NOTE
r-oldrel-windows-ix86+x86_64 1.4.0 233.00 164.00 397.00 OK

Additional issues

clang-UBSAN M1mac

Check Details

Version: 1.4.0
Check: LazyData
Result: NOTE
     'LazyData' is specified without a 'data' directory
Flavors: r-devel-linux-x86_64-debian-clang, r-devel-linux-x86_64-debian-gcc, r-devel-linux-x86_64-fedora-clang, r-devel-linux-x86_64-fedora-gcc, r-devel-windows-ix86+x86_64, r-devel-windows-x86_64-gcc10-UCRT, r-patched-linux-x86_64, r-patched-solaris-x86

Version: 1.4.0
Check: installed package size
Result: NOTE
     installed size is 10.0Mb
     sub-directories of 1Mb or more:
     doc 1.2Mb
     libs 8.0Mb
Flavors: r-devel-linux-x86_64-fedora-clang, r-devel-windows-ix86+x86_64, r-release-macos-x86_64, r-release-windows-ix86+x86_64, r-oldrel-macos-x86_64

Version: 1.4.0
Check: tests
Result: ERROR
     Running ‘spelling.R’
     Running ‘testthat.R’ [35s/20s]
    Running the tests in ‘tests/testthat.R’ failed.
    Complete output:
     > library(testthat)
     > library(vroom)
     >
     > test_check("vroom")
     Starting 2 test processes
    
    
     Error: testthat subprocess exited in file `test-datetime.R`
     Backtrace:
     █
     1. └─testthat::test_check("vroom")
     2. └─testthat::test_dir(...)
     3. └─testthat:::test_files(...)
     4. └─testthat:::test_files(...)
     5. ├─testthat::with_reporter(...)
     6. │ ├─base::withRestarts(...)
     7. │ │ └─base:::withOneRestart(expr, restarts[[1L]])
     8. │ │ └─base:::doWithOneRestart(return(expr), restart)
     9. │ └─base::force(code)
     10. └─testthat:::parallel_event_loop_chunky(queue, reporters)
     11. └─queue$poll(Inf)
     12. └─base::lapply(...)
     13. └─testthat:::FUN(X[[i]], ...)
     14. └─private$handle_error(msg, i)
     Execution halted
Flavor: r-devel-linux-x86_64-fedora-clang