CRAN Package Check Results for Package vivid

Last updated on 2021-06-22 07:49:49 CEST.

Flavor Version Tinstall Tcheck Ttotal Status Flags
r-devel-linux-x86_64-debian-clang 0.1.0 9.34 327.57 336.91 OK
r-devel-linux-x86_64-debian-gcc 0.1.0 6.52 235.88 242.40 OK
r-devel-linux-x86_64-fedora-clang 0.1.0 292.81 NOTE
r-devel-linux-x86_64-fedora-gcc 0.1.0 443.69 NOTE
r-devel-windows-x86_64 0.1.0 15.00 350.00 365.00 OK
r-devel-windows-x86_64-gcc10-UCRT 0.1.0 ERROR
r-patched-linux-x86_64 0.1.0 8.44 302.08 310.52 OK
r-patched-solaris-x86 0.1.0 922.60 NOTE
r-release-linux-x86_64 0.1.0 7.44 304.50 311.94 OK
r-release-macos-arm64 0.1.0 NOTE
r-release-macos-x86_64 0.1.0 NOTE
r-release-windows-ix86+x86_64 0.1.0 22.00 348.00 370.00 OK
r-oldrel-macos-x86_64 0.1.0 NOTE

Check Details

Version: 0.1.0
Check: dependencies in R code
Result: NOTE
    Namespaces in Imports field not imported from:
     ‘RColorBrewer’ ‘colorspace’ ‘tidyr’
     All declared Imports should be used.
Flavors: r-devel-linux-x86_64-fedora-clang, r-devel-linux-x86_64-fedora-gcc, r-patched-solaris-x86, r-release-macos-arm64, r-release-macos-x86_64, r-oldrel-macos-x86_64

Version: 0.1.0
Check: package dependencies
Result: ERROR
    Package required but not available: 'ggalt'
    
    Package suggested but not available for checking: 'covr'
    
    See section 'The DESCRIPTION file' in the 'Writing R Extensions'
    manual.
Flavor: r-devel-windows-x86_64-gcc10-UCRT