CRAN Package Check Results for Package vip

Last updated on 2021-08-04 07:49:59 CEST.

Flavor Version Tinstall Tcheck Ttotal Status Flags
r-devel-linux-x86_64-debian-clang 0.3.2 4.59 176.26 180.85 NOTE
r-devel-linux-x86_64-debian-gcc 0.3.2 2.97 118.86 121.83 NOTE
r-devel-linux-x86_64-fedora-clang 0.3.2 203.33 NOTE
r-devel-linux-x86_64-fedora-gcc 0.3.2 191.24 NOTE
r-devel-windows-x86_64 0.3.2 5.00 189.00 194.00 NOTE
r-devel-windows-x86_64-gcc10-UCRT 0.3.2 NOTE
r-patched-linux-x86_64 0.3.2 4.53 155.24 159.77 NOTE
r-patched-solaris-x86 0.3.2 331.90 NOTE
r-release-linux-x86_64 0.3.2 4.04 156.34 160.38 NOTE
r-release-macos-arm64 0.3.2 NOTE
r-release-macos-x86_64 0.3.2 NOTE
r-release-windows-ix86+x86_64 0.3.2 9.00 133.00 142.00 NOTE
r-oldrel-macos-x86_64 0.3.2 OK
r-oldrel-windows-ix86+x86_64 0.3.2 6.00 187.00 193.00 OK

Check Details

Version: 0.3.2
Check: LazyData
Result: NOTE
     'LazyData' is specified without a 'data' directory
Flavors: r-devel-linux-x86_64-debian-clang, r-devel-linux-x86_64-debian-gcc, r-devel-linux-x86_64-fedora-clang, r-devel-linux-x86_64-fedora-gcc, r-devel-windows-x86_64, r-devel-windows-x86_64-gcc10-UCRT, r-patched-linux-x86_64, r-patched-solaris-x86, r-release-linux-x86_64, r-release-macos-arm64, r-release-macos-x86_64, r-release-windows-ix86+x86_64

Version: 0.3.2
Check: Rd cross-references
Result: NOTE
    Undeclared package ‘foreach’ in Rd xrefs
Flavor: r-devel-linux-x86_64-fedora-clang