CRAN Package Check Results for Package vinereg

Last updated on 2021-06-19 07:49:10 CEST.

Flavor Version Tinstall Tcheck Ttotal Status Flags
r-devel-linux-x86_64-debian-clang 0.7.4 131.12 61.12 192.24 OK
r-devel-linux-x86_64-debian-gcc 0.7.4 112.95 45.77 158.72 OK
r-devel-linux-x86_64-fedora-clang 0.7.4 293.43 NOTE
r-devel-linux-x86_64-fedora-gcc 0.7.4 286.00 OK
r-devel-windows-x86_64 0.7.4 154.00 116.00 270.00 NOTE
r-devel-windows-x86_64-gcc10-UCRT 0.7.4 OK
r-patched-linux-x86_64 0.7.4 127.93 60.70 188.63 OK
r-patched-solaris-x86 0.7.4 266.20 OK
r-release-linux-x86_64 0.7.4 125.62 60.78 186.40 OK
r-release-macos-arm64 0.7.4 NOTE
r-release-macos-x86_64 0.7.4 NOTE
r-release-windows-ix86+x86_64 0.7.4 305.00 165.00 470.00 NOTE
r-oldrel-macos-x86_64 0.7.4 NOTE
r-oldrel-windows-ix86+x86_64 0.7.4 219.00 169.00 388.00 NOTE

Check Details

Version: 0.7.4
Check: installed package size
Result: NOTE
     installed size is 46.3Mb
     sub-directories of 1Mb or more:
     libs 46.0Mb
Flavors: r-devel-linux-x86_64-fedora-clang, r-devel-windows-x86_64, r-release-macos-arm64, r-release-macos-x86_64, r-release-windows-ix86+x86_64, r-oldrel-macos-x86_64, r-oldrel-windows-ix86+x86_64