CRAN Package Check Results for Package viewshed3d

Last updated on 2021-07-31 07:51:04 CEST.

Flavor Version Tinstall Tcheck Ttotal Status Flags
r-devel-linux-x86_64-debian-clang 4.0.0 4.71 43.78 48.49 OK
r-devel-linux-x86_64-debian-gcc 4.0.0 3.53 32.91 36.44 OK
r-devel-linux-x86_64-fedora-clang 4.0.0 64.90 NOTE
r-devel-linux-x86_64-fedora-gcc 4.0.0 64.63 NOTE
r-devel-windows-x86_64 4.0.0 7.00 59.00 66.00 OK
r-devel-windows-x86_64-gcc10-UCRT 4.0.0 NOTE
r-patched-linux-x86_64 4.0.0 OK
r-patched-solaris-x86 4.0.0 80.50 NOTE
r-release-linux-x86_64 4.0.0 3.84 42.13 45.97 OK
r-release-macos-arm64 4.0.0 NOTE
r-release-macos-x86_64 4.0.0 NOTE
r-release-windows-ix86+x86_64 4.0.0 9.00 45.00 54.00 OK
r-oldrel-macos-x86_64 4.0.0 NOTE
r-oldrel-windows-ix86+x86_64 4.0.0 15.00 60.00 75.00 OK

Check Details

Version: 4.0.0
Check: dependencies in R code
Result: NOTE
    Namespaces in Imports field not imported from:
     ‘plotrix’ ‘sp’ ‘viridis’
     All declared Imports should be used.
Flavors: r-devel-linux-x86_64-fedora-clang, r-devel-linux-x86_64-fedora-gcc, r-devel-windows-x86_64-gcc10-UCRT, r-patched-solaris-x86, r-release-macos-arm64, r-release-macos-x86_64, r-oldrel-macos-x86_64