CRAN Package Check Results for Package viafr

Last updated on 2021-06-15 08:50:14 CEST.

Flavor Version Tinstall Tcheck Ttotal Status Flags
r-devel-linux-x86_64-debian-clang 0.2.0 4.40 55.79 60.19 OK
r-devel-linux-x86_64-debian-gcc 0.2.0 3.41 41.42 44.83 OK
r-devel-linux-x86_64-fedora-clang 0.2.0 78.18 NOTE
r-devel-linux-x86_64-fedora-gcc 0.2.0 67.51 NOTE
r-devel-windows-x86_64 0.2.0 8.00 85.00 93.00 OK
r-devel-windows-x86_64-gcc10-UCRT 0.2.0 NOTE
r-patched-linux-x86_64 0.2.0 4.39 53.09 57.48 OK
r-patched-solaris-x86 0.2.0 104.10 NOTE
r-release-linux-x86_64 0.2.0 3.71 52.09 55.80 OK
r-release-macos-arm64 0.2.0 NOTE
r-release-macos-x86_64 0.2.0 NOTE
r-release-windows-ix86+x86_64 0.2.0 12.00 69.00 81.00 OK
r-oldrel-macos-x86_64 0.2.0 NOTE
r-oldrel-windows-ix86+x86_64 0.2.0 14.00 95.00 109.00 OK

Check Details

Version: 0.2.0
Check: data for non-ASCII characters
Result: NOTE
     Note: found 2 marked UTF-8 strings
Flavors: r-devel-linux-x86_64-fedora-clang, r-devel-linux-x86_64-fedora-gcc, r-devel-windows-x86_64-gcc10-UCRT, r-patched-solaris-x86, r-release-macos-arm64, r-release-macos-x86_64, r-oldrel-macos-x86_64