CRAN Package Check Results for Package vein

Last updated on 2021-10-18 07:50:01 CEST.

Flavor Version Tinstall Tcheck Ttotal Status Flags
r-devel-linux-x86_64-debian-clang 0.9.4 28.64 264.73 293.37 OK
r-devel-linux-x86_64-debian-gcc 0.9.4 25.06 192.24 217.30 OK
r-devel-linux-x86_64-fedora-clang 0.9.4 356.42 NOTE
r-devel-linux-x86_64-fedora-gcc 0.9.4 338.29 NOTE
r-devel-windows-x86_64 0.9.4 47.00 250.00 297.00 OK
r-devel-windows-x86_64-gcc10-UCRT 0.9.4 NOTE
r-patched-linux-x86_64 0.9.4 29.25 249.83 279.08 OK
r-patched-solaris-x86 0.9.4 423.00 NOTE
r-release-linux-x86_64 0.9.4 28.87 254.29 283.16 OK
r-release-macos-arm64 0.9.3 NOTE
r-release-macos-x86_64 0.9.4 NOTE
r-release-windows-ix86+x86_64 0.9.4 48.00 454.00 502.00 OK
r-oldrel-macos-x86_64 0.9.4 NOTE
r-oldrel-windows-ix86+x86_64 0.9.4 45.00 321.00 366.00 OK

Check Details

Version: 0.9.4
Check: data for non-ASCII characters
Result: NOTE
     Note: found 49 marked UTF-8 strings
Flavors: r-devel-linux-x86_64-fedora-clang, r-devel-linux-x86_64-fedora-gcc, r-devel-windows-x86_64-gcc10-UCRT, r-patched-solaris-x86, r-release-macos-x86_64, r-oldrel-macos-x86_64

Version: 0.9.3
Check: installed package size
Result: NOTE
     installed size is 5.4Mb
     sub-directories of 1Mb or more:
     R 4.4Mb
Flavor: r-release-macos-arm64