CRAN Package Check Results for Package vegclust

Last updated on 2021-05-10 07:48:32 CEST.

Flavor Version Tinstall Tcheck Ttotal Status Flags
r-devel-linux-x86_64-debian-clang 1.7.7 30.61 141.06 171.67 OK
r-devel-linux-x86_64-debian-gcc 1.7.7 22.08 106.71 128.79 OK
r-devel-linux-x86_64-fedora-clang 1.7.7 228.99 NOTE
r-devel-linux-x86_64-fedora-gcc 1.7.7 203.81 OK
r-devel-windows-ix86+x86_64 1.7.7 51.00 225.00 276.00 OK
r-devel-windows-x86_64-gcc10-UCRT 1.7.7 OK
r-patched-linux-x86_64 1.7.7 27.04 136.38 163.42 OK
r-patched-solaris-x86 1.7.7 266.20 OK
r-release-linux-x86_64 1.7.7 25.26 131.55 156.81 OK
r-release-macos-x86_64 1.7.7 OK
r-release-windows-ix86+x86_64 1.7.7 48.00 172.00 220.00 OK
r-oldrel-macos-x86_64 1.7.7 OK
r-oldrel-windows-ix86+x86_64 1.7.7 60.00 220.00 280.00 OK

Check Details

Version: 1.7.7
Check: Rd cross-references
Result: NOTE
    Undeclared packages ‘mclust’, ‘e1071’ in Rd xrefs
Flavor: r-devel-linux-x86_64-fedora-clang