CRAN Package Check Results for Package vcr

Last updated on 2021-07-30 07:50:34 CEST.

Flavor Version Tinstall Tcheck Ttotal Status Flags
r-devel-linux-x86_64-debian-clang 1.0.2 OK
r-devel-linux-x86_64-debian-gcc 1.0.2 21.82 58.23 80.05 ERROR
r-devel-linux-x86_64-fedora-clang 1.0.2 137.99 NOTE
r-devel-linux-x86_64-fedora-gcc 1.0.2 127.12 OK
r-devel-windows-x86_64 1.0.2 28.00 117.00 145.00 NOTE
r-devel-windows-x86_64-gcc10-UCRT 1.0.2 OK
r-patched-linux-x86_64 1.0.2 OK
r-patched-solaris-x86 1.0.2 159.90 NOTE
r-release-linux-x86_64 1.0.2 23.69 72.73 96.42 OK
r-release-macos-arm64 1.0.2 NOTE
r-release-macos-x86_64 1.0.2 NOTE
r-release-windows-ix86+x86_64 1.0.2 47.00 116.00 163.00 NOTE
r-oldrel-macos-x86_64 1.0.2 NOTE
r-oldrel-windows-ix86+x86_64 1.0.2 33.00 143.00 176.00 NOTE

Check Details

Version: 1.0.2
Check: tests
Result: ERROR
     Running ‘test-all.R’ [6s/22s]
    Running the tests in ‘tests/test-all.R’ failed.
    Complete output:
     > library("testthat")
     > library('vcr')
     > test_check("vcr")
     ══ Skipped tests ═══════════════════════════════════════════════════════════════
     • Did not find: '../../man/vcr_configure.Rd' (1)
     • On CRAN (44)
    
     ══ Failed tests ════════════════════════════════════════════════════════════════
     ── Error (test-HttpInteractionList.R:12:3): HTTPInteractionList ────────────────
     Error: Timeout was reached: [scottchamberlain.info] Operation timed out after 10001 milliseconds with 0 out of 0 bytes received
     Backtrace:
     █
     1. └─crul::HttpClient$new(url = url3)$get() test-HttpInteractionList.R:12:2
     2. └─private$make_request(rr)
     3. └─crul:::crul_fetch(opts)
     4. └─curl::curl_fetch_memory(x$url$url, handle = x$url$handle)
    
     [ FAIL 1 | WARN 0 | SKIP 45 | PASS 476 ]
     Error: Test failures
     Execution halted
Flavor: r-devel-linux-x86_64-debian-gcc

Version: 1.0.2
Check: installed package size
Result: NOTE
     installed size is 8.5Mb
     sub-directories of 1Mb or more:
     doc 7.2Mb
Flavors: r-devel-linux-x86_64-fedora-clang, r-devel-windows-x86_64, r-patched-solaris-x86, r-release-macos-arm64, r-release-macos-x86_64, r-release-windows-ix86+x86_64, r-oldrel-macos-x86_64, r-oldrel-windows-ix86+x86_64