CRAN Package Check Results for Package vcdExtra

Last updated on 2021-07-31 07:51:04 CEST.

Flavor Version Tinstall Tcheck Ttotal Status Flags
r-devel-linux-x86_64-debian-clang 0.7-5 11.15 147.61 158.76 OK
r-devel-linux-x86_64-debian-gcc 0.7-5 9.37 107.64 117.01 OK
r-devel-linux-x86_64-fedora-clang 0.7-5 189.55 NOTE
r-devel-linux-x86_64-fedora-gcc 0.7-5 180.37 OK
r-devel-windows-x86_64 0.7-5 12.00 191.00 203.00 OK
r-devel-windows-x86_64-gcc10-UCRT 0.7-5 OK
r-patched-linux-x86_64 0.7-5 OK
r-patched-solaris-x86 0.7-5 234.60 OK
r-release-linux-x86_64 0.7-5 10.43 139.30 149.73 OK
r-release-macos-arm64 0.7-5 OK
r-release-macos-x86_64 0.7-5 OK
r-release-windows-ix86+x86_64 0.7-5 23.00 143.00 166.00 OK
r-oldrel-macos-x86_64 0.7-5 OK
r-oldrel-windows-ix86+x86_64 0.7-5 17.00 194.00 211.00 OK

Check Details

Version: 0.7-5
Check: Rd cross-references
Result: NOTE
    Undeclared packages ‘coin’, ‘Hmisc’ in Rd xrefs
Flavor: r-devel-linux-x86_64-fedora-clang