CRAN Package Check Results for Package varsExplore

Last updated on 2021-06-18 07:48:30 CEST.

Flavor Version Tinstall Tcheck Ttotal Status Flags
r-devel-linux-x86_64-debian-clang 0.3.0 2.61 30.40 33.01 NOTE
r-devel-linux-x86_64-debian-gcc 0.3.0 1.98 23.97 25.95 NOTE
r-devel-linux-x86_64-fedora-clang 0.3.0 48.65 NOTE
r-devel-linux-x86_64-fedora-gcc 0.3.0 38.12 NOTE
r-devel-windows-x86_64 0.3.0 6.00 50.00 56.00 NOTE
r-devel-windows-x86_64-gcc10-UCRT 0.3.0 NOTE
r-patched-linux-x86_64 0.3.0 2.63 29.67 32.30 NOTE
r-patched-solaris-x86 0.3.0 56.90 ERROR
r-release-linux-x86_64 0.3.0 2.33 29.54 31.87 NOTE
r-release-macos-arm64 0.3.0 WARN
r-release-macos-x86_64 0.3.0 NOTE
r-release-windows-ix86+x86_64 0.3.0 6.00 52.00 58.00 NOTE
r-oldrel-macos-x86_64 0.3.0 WARN
r-oldrel-windows-ix86+x86_64 0.3.0 5.00 49.00 54.00 OK

Check Details

Version: 0.3.0
Check: LazyData
Result: NOTE
     'LazyData' is specified without a 'data' directory
Flavors: r-devel-linux-x86_64-debian-clang, r-devel-linux-x86_64-debian-gcc, r-devel-linux-x86_64-fedora-clang, r-devel-linux-x86_64-fedora-gcc, r-devel-windows-x86_64, r-devel-windows-x86_64-gcc10-UCRT, r-patched-linux-x86_64, r-patched-solaris-x86, r-release-linux-x86_64, r-release-macos-arm64, r-release-macos-x86_64, r-release-windows-ix86+x86_64

Version: 0.3.0
Check: dependencies in R code
Result: NOTE
    Namespace in Imports field not imported from: ‘rio’
     All declared Imports should be used.
Flavors: r-devel-linux-x86_64-fedora-clang, r-devel-linux-x86_64-fedora-gcc, r-devel-windows-x86_64-gcc10-UCRT, r-patched-solaris-x86, r-release-macos-arm64, r-release-macos-x86_64, r-oldrel-macos-x86_64

Version: 0.3.0
Check: examples
Result: ERROR
    Running examples in ‘varsExplore-Ex.R’ failed
    The error most likely occurred in:
    
    > ### Name: vars_explore
    > ### Title: Searchable variable explorer with labelled variables
    > ### Aliases: vars_explore
    >
    > ### ** Examples
    >
    >
    > qog <- rio::import("http://www.qogdata.pol.gu.se/dataarchive/qog_bas_cs_jan18.dta")
    Error in curl::curl_fetch_memory(file) :
     Timeout was reached: [www.qogdata.pol.gu.se] Resolving timed out after 10009 milliseconds
    Calls: <Anonymous> -> remote_to_local -> <Anonymous>
    Execution halted
Flavor: r-patched-solaris-x86

Version: 0.3.0
Check: re-building of vignette outputs
Result: WARN
    Error(s) in re-building vignettes:
     ...
    --- re-building ‘basic_usage.Rmd’ using rmarkdown
    Warning in engine$weave(file, quiet = quiet, encoding = enc) :
     Pandoc (>= 1.12.3) not available. Falling back to R Markdown v1.
    
    Attaching package: 'dplyr'
    
    The following objects are masked from 'package:stats':
    
     filter, lag
    
    The following objects are masked from 'package:base':
    
     intersect, setdiff, setequal, union
    
    Quitting from lines 54-55 (basic_usage.Rmd)
    Error: processing vignette 'basic_usage.Rmd' failed with diagnostics:
    there is no package called 'webshot'
    --- failed re-building ‘basic_usage.Rmd’
    
    SUMMARY: processing the following file failed:
     ‘basic_usage.Rmd’
    
    Error: Vignette re-building failed.
    Execution halted
Flavor: r-patched-solaris-x86

Version: 0.3.0
Check: re-building of vignette outputs
Result: WARN
    Error(s) in re-building vignettes:
    --- re-building ‘basic_usage.Rmd’ using rmarkdown
    Warning in engine$weave(file, quiet = quiet, encoding = enc) :
     Pandoc (>= 1.12.3) not available. Falling back to R Markdown v1.
    
    Attaching package: 'dplyr'
    
    The following objects are masked from 'package:stats':
    
     filter, lag
    
    The following objects are masked from 'package:base':
    
     intersect, setdiff, setequal, union
    
    PhantomJS not found. You can install it with webshot::install_phantomjs(). If it is installed, please make sure the phantomjs executable can be found via the PATH variable.
    PhantomJS not found. You can install it with webshot::install_phantomjs(). If it is installed, please make sure the phantomjs executable can be found via the PATH variable.
    Quitting from lines 54-55 (basic_usage.Rmd)
    Error: processing vignette 'basic_usage.Rmd' failed with diagnostics:
    invalid 'path' argument
    --- failed re-building ‘basic_usage.Rmd’
    
    SUMMARY: processing the following file failed:
     ‘basic_usage.Rmd’
    
    Error: Vignette re-building failed.
    Execution halted
Flavor: r-release-macos-arm64

Version: 0.3.0
Check: re-building of vignette outputs
Result: WARN
    Error(s) in re-building vignettes:
    --- re-building ‘basic_usage.Rmd’ using rmarkdown
    Warning in engine$weave(file, quiet = quiet, encoding = enc) :
     Pandoc (>= 1.12.3) and/or pandoc-citeproc not available. Falling back to R Markdown v1.
    
    Attaching package: 'dplyr'
    
    The following objects are masked from 'package:stats':
    
     filter, lag
    
    The following objects are masked from 'package:base':
    
     intersect, setdiff, setequal, union
    
    PhantomJS not found. You can install it with webshot::install_phantomjs(). If it is installed, please make sure the phantomjs executable can be found via the PATH variable.
    Warning in normalizePath(f2) :
     path[1]="webshot15cf2fe0b0f4.png": No such file or directory
    Warning in file(con, "rb") :
     cannot open file 'webshot15cf2fe0b0f4.png': No such file or directory
    Quitting from lines 54-55 (basic_usage.Rmd)
    Error: processing vignette 'basic_usage.Rmd' failed with diagnostics:
    cannot open the connection
    --- failed re-building ‘basic_usage.Rmd’
    
    SUMMARY: processing the following file failed:
     ‘basic_usage.Rmd’
    
    Error: Vignette re-building failed.
    Execution halted
Flavor: r-oldrel-macos-x86_64