CRAN Package Check Results for Package varrank

Last updated on 2021-09-20 07:51:09 CEST.

Flavor Version Tinstall Tcheck Ttotal Status Flags
r-devel-linux-x86_64-debian-clang 0.4 3.22 157.94 161.16 OK
r-devel-linux-x86_64-debian-gcc 0.4 2.43 118.87 121.30 OK
r-devel-linux-x86_64-fedora-clang 0.4 197.41 OK
r-devel-linux-x86_64-fedora-gcc 0.4 179.03 OK
r-devel-windows-x86_64 0.4 6.00 72.00 78.00 OK
r-devel-windows-x86_64-gcc10-UCRT 0.4 ERROR
r-patched-linux-x86_64 0.4 3.19 143.80 146.99 OK
r-patched-solaris-x86 0.4 979.70 WARN
r-release-linux-x86_64 0.4 2.56 142.06 144.62 OK
r-release-macos-arm64 0.4 OK
r-release-macos-x86_64 0.4 OK
r-release-windows-ix86+x86_64 0.4 7.00 74.00 81.00 OK
r-oldrel-macos-x86_64 0.4 OK
r-oldrel-windows-ix86+x86_64 0.4 7.00 71.00 78.00 OK

Check Details

Version: 0.4
Check: whether package can be installed
Result: WARN
    Found the following significant warnings:
     WARNING: installation-time patches will not be applied, could not get the patches index
Flavor: r-devel-windows-x86_64-gcc10-UCRT

Version: 0.4
Check: PDF version of manual
Result: WARN
    LaTeX errors when creating PDF version.
    This typically indicates Rd problems.
Flavor: r-devel-windows-x86_64-gcc10-UCRT

Version: 0.4
Check: PDF version of manual without hyperrefs or index
Result: ERROR
    Re-running with no redirection of stdout/stderr.
Flavor: r-devel-windows-x86_64-gcc10-UCRT

Version: 0.4
Check: package dependencies
Result: NOTE
    Package suggested but not available for checking: ‘FSelector’
Flavor: r-patched-solaris-x86

Version: 0.4
Check: re-building of vignette outputs
Result: WARN
    Error(s) in re-building vignettes:
     ...
    --- re-building ‘varrank.Rmd’ using knitr
    Loading required package: randomForest
    randomForest 4.6-14
    Type rfNews() to see new features/changes/bug fixes.
    
    Attaching package: 'randomForest'
    
    The following object is masked from 'package:ggplot2':
    
     margin
    
    Loading required package: parallel
    Quitting from lines 122-125 (varrank.Rmd)
    Error: processing vignette 'varrank.Rmd' failed with diagnostics:
    there is no package called 'FSelector'
    --- failed re-building ‘varrank.Rmd’
    
    SUMMARY: processing the following file failed:
     ‘varrank.Rmd’
    
    Error: Vignette re-building failed.
    Execution halted
Flavor: r-patched-solaris-x86