CRAN Package Check Results for Package varImp

Last updated on 2021-09-28 07:48:45 CEST.

Flavor Version Tinstall Tcheck Ttotal Status Flags
r-devel-linux-x86_64-debian-clang 0.4 10.36 119.99 130.35 NOTE
r-devel-linux-x86_64-debian-gcc 0.4 7.65 92.84 100.49 NOTE
r-devel-linux-x86_64-fedora-clang 0.4 157.74 NOTE
r-devel-linux-x86_64-fedora-gcc 0.4 143.17 NOTE
r-devel-windows-x86_64 0.4 12.00 105.00 117.00 NOTE
r-devel-windows-x86_64-gcc10-UCRT 0.4 NOTE
r-patched-linux-x86_64 0.4 9.05 117.10 126.15 NOTE
r-patched-solaris-x86 0.4 211.20 NOTE
r-release-linux-x86_64 0.4 8.11 115.05 123.16 NOTE
r-release-macos-arm64 0.4 NOTE
r-release-macos-x86_64 0.4 NOTE
r-release-windows-ix86+x86_64 0.4 19.00 103.00 122.00 NOTE
r-oldrel-macos-x86_64 0.4 OK
r-oldrel-windows-ix86+x86_64 0.4 16.00 109.00 125.00 OK

Check Details

Version: 0.4
Check: LazyData
Result: NOTE
     'LazyData' is specified without a 'data' directory
Flavors: r-devel-linux-x86_64-debian-clang, r-devel-linux-x86_64-debian-gcc, r-devel-linux-x86_64-fedora-clang, r-devel-linux-x86_64-fedora-gcc, r-devel-windows-x86_64, r-devel-windows-x86_64-gcc10-UCRT, r-patched-linux-x86_64, r-patched-solaris-x86, r-release-linux-x86_64, r-release-macos-arm64, r-release-macos-x86_64, r-release-windows-ix86+x86_64