CRAN Package Check Results for Package vaersNDvax

Last updated on 2021-08-02 07:52:12 CEST.

Flavor Version Tinstall Tcheck Ttotal Status Flags
r-devel-linux-x86_64-debian-clang 1.0.4 2.35 22.54 24.89 NOTE
r-devel-linux-x86_64-debian-gcc 1.0.4 1.83 18.32 20.15 NOTE
r-devel-linux-x86_64-fedora-clang 1.0.4 41.97 NOTE
r-devel-linux-x86_64-fedora-gcc 1.0.4 29.97 NOTE
r-devel-windows-x86_64 1.0.4 4.00 43.00 47.00 NOTE
r-devel-windows-x86_64-gcc10-UCRT 1.0.4 NOTE
r-patched-linux-x86_64 1.0.4 NOTE
r-patched-solaris-x86 1.0.4 51.10 NOTE
r-release-linux-x86_64 1.0.4 2.66 22.11 24.77 NOTE
r-release-macos-arm64 1.0.4 NOTE
r-release-macos-x86_64 1.0.4 NOTE
r-release-windows-ix86+x86_64 1.0.4 5.00 30.00 35.00 NOTE
r-oldrel-macos-x86_64 1.0.4 NOTE
r-oldrel-windows-ix86+x86_64 1.0.4 4.00 40.00 44.00 NOTE

Check Details

Version: 1.0.4
Check: package dependencies
Result: NOTE
    Packages suggested but not available for checking: 'vaers', 'vaersND'
Flavors: r-devel-linux-x86_64-debian-clang, r-devel-linux-x86_64-debian-gcc, r-devel-linux-x86_64-fedora-clang, r-devel-linux-x86_64-fedora-gcc, r-devel-windows-x86_64, r-devel-windows-x86_64-gcc10-UCRT, r-patched-linux-x86_64, r-patched-solaris-x86, r-release-linux-x86_64, r-release-macos-arm64, r-release-macos-x86_64, r-release-windows-ix86+x86_64, r-oldrel-macos-x86_64, r-oldrel-windows-ix86+x86_64