CRAN Package Check Results for Package utilsIPEA

Last updated on 2021-08-02 07:52:12 CEST.

Flavor Version Tinstall Tcheck Ttotal Status Flags
r-devel-linux-x86_64-debian-clang 0.0.6 4.33 46.91 51.24 OK
r-devel-linux-x86_64-debian-gcc 0.0.6 3.59 35.99 39.58 OK
r-devel-linux-x86_64-fedora-clang 0.0.6 70.38 NOTE
r-devel-linux-x86_64-fedora-gcc 0.0.6 58.30 NOTE
r-devel-windows-x86_64 0.0.6 6.00 69.00 75.00 OK
r-devel-windows-x86_64-gcc10-UCRT 0.0.6 NOTE
r-patched-linux-x86_64 0.0.6 OK
r-patched-solaris-x86 0.0.6 87.40 NOTE
r-release-linux-x86_64 0.0.6 3.90 43.49 47.39 OK
r-release-macos-arm64 0.0.6 NOTE
r-release-macos-x86_64 0.0.6 NOTE
r-release-windows-ix86+x86_64 0.0.6 11.00 49.00 60.00 OK
r-oldrel-macos-x86_64 0.0.6 NOTE
r-oldrel-windows-ix86+x86_64 0.0.6 10.00 66.00 76.00 OK

Check Details

Version: 0.0.6
Check: dependencies in R code
Result: NOTE
    Namespaces in Imports field not imported from:
     ‘RCurl’ ‘stringdist’ ‘utils’
     All declared Imports should be used.
Flavors: r-devel-linux-x86_64-fedora-clang, r-devel-linux-x86_64-fedora-gcc, r-devel-windows-x86_64-gcc10-UCRT, r-patched-solaris-x86, r-release-macos-arm64, r-release-macos-x86_64, r-oldrel-macos-x86_64