CRAN Package Check Results for Package uptasticsearch

Last updated on 2021-10-20 07:50:04 CEST.

Flavor Version Tinstall Tcheck Ttotal Status Flags
r-devel-linux-x86_64-debian-clang 0.4.0 4.13 38.84 42.97 NOTE
r-devel-linux-x86_64-debian-gcc 0.4.0 2.98 29.49 32.47 NOTE
r-devel-linux-x86_64-fedora-clang 0.4.0 63.25 NOTE
r-devel-linux-x86_64-fedora-gcc 0.4.0 61.07 NOTE
r-devel-windows-x86_64 0.4.0 7.00 50.00 57.00 NOTE
r-devel-windows-x86_64-gcc10-UCRT 0.4.0 NOTE
r-patched-linux-x86_64 0.4.0 4.12 36.82 40.94 NOTE
r-patched-solaris-x86 0.4.0 79.30 NOTE
r-release-linux-x86_64 0.4.0 3.81 37.54 41.35 NOTE
r-release-macos-arm64 0.4.0 NOTE
r-release-macos-x86_64 0.4.0 NOTE
r-release-windows-ix86+x86_64 0.4.0 7.00 58.00 65.00 NOTE
r-oldrel-macos-x86_64 0.4.0 OK
r-oldrel-windows-ix86+x86_64 0.4.0 9.00 61.00 70.00 OK

Check Details

Version: 0.4.0
Check: LazyData
Result: NOTE
     'LazyData' is specified without a 'data' directory
Flavors: r-devel-linux-x86_64-debian-clang, r-devel-linux-x86_64-debian-gcc, r-devel-linux-x86_64-fedora-clang, r-devel-linux-x86_64-fedora-gcc, r-devel-windows-x86_64, r-devel-windows-x86_64-gcc10-UCRT, r-patched-linux-x86_64, r-patched-solaris-x86, r-release-linux-x86_64, r-release-macos-arm64, r-release-macos-x86_64, r-release-windows-ix86+x86_64