CRAN Package Check Results for Package uptasticsearch

Last updated on 2021-05-05 07:49:19 CEST.

Flavor Version Tinstall Tcheck Ttotal Status Flags
r-devel-linux-x86_64-debian-clang 0.4.0 3.57 40.11 43.68 NOTE
r-devel-linux-x86_64-debian-gcc 0.4.0 3.12 30.54 33.66 NOTE
r-devel-linux-x86_64-fedora-clang 0.4.0 61.83 NOTE
r-devel-linux-x86_64-fedora-gcc 0.4.0 62.72 NOTE
r-devel-windows-ix86+x86_64 0.4.0 7.00 61.00 68.00 NOTE
r-devel-windows-x86_64-gcc10-UCRT 0.4.0 NOTE
r-patched-linux-x86_64 0.4.0 3.70 38.45 42.15 NOTE
r-patched-solaris-x86 0.4.0 82.70 OK
r-release-linux-x86_64 0.4.0 3.26 38.67 41.93 OK
r-release-macos-x86_64 0.4.0 OK
r-release-windows-ix86+x86_64 0.4.0 6.00 48.00 54.00 OK
r-oldrel-macos-x86_64 0.4.0 OK
r-oldrel-windows-ix86+x86_64 0.4.0 7.00 60.00 67.00 OK

Check Details

Version: 0.4.0
Check: LazyData
Result: NOTE
     'LazyData' is specified without a 'data' directory
Flavors: r-devel-linux-x86_64-debian-clang, r-devel-linux-x86_64-debian-gcc, r-devel-linux-x86_64-fedora-clang, r-devel-linux-x86_64-fedora-gcc, r-devel-windows-ix86+x86_64, r-devel-windows-x86_64-gcc10-UCRT, r-patched-linux-x86_64