CRAN Package Check Results for Package unpivotr

Last updated on 2021-06-22 07:49:49 CEST.

Flavor Version Tinstall Tcheck Ttotal Status Flags
r-devel-linux-x86_64-debian-clang 0.6.1 3.62 74.26 77.88 OK
r-devel-linux-x86_64-debian-gcc 0.6.1 2.99 55.48 58.47 OK
r-devel-linux-x86_64-fedora-clang 0.6.1 99.06 OK
r-devel-linux-x86_64-fedora-gcc 0.6.1 93.64 OK
r-devel-windows-x86_64 0.6.1 6.00 93.00 99.00 OK
r-devel-windows-x86_64-gcc10-UCRT 0.6.1 WARN
r-patched-linux-x86_64 0.6.1 4.36 72.37 76.73 OK
r-patched-solaris-x86 0.6.1 121.20 OK
r-release-linux-x86_64 0.6.1 2.64 71.17 73.81 OK
r-release-macos-arm64 0.6.1 OK
r-release-macos-x86_64 0.6.1 OK
r-release-windows-ix86+x86_64 0.6.1 7.00 96.00 103.00 OK
r-oldrel-macos-x86_64 0.6.1 OK

Check Details

Version: 0.6.1
Check: package dependencies
Result: NOTE
    Packages suggested but not available for checking: 'rvest', 'covr'
Flavor: r-devel-windows-x86_64-gcc10-UCRT

Version: 0.6.1
Check: re-building of vignette outputs
Result: WARN
    Error(s) in re-building vignettes:
     ...
    --- re-building 'html.Rmd' using rmarkdown
    Quitting from lines 21-25 (html.Rmd)
    Error: processing vignette 'html.Rmd' failed with diagnostics:
    there is no package called 'rvest'
    --- failed re-building 'html.Rmd'
    
    --- re-building 'introduction.Rmd' using rmarkdown
    --- finished re-building 'introduction.Rmd'
    
    --- re-building 'small-multiples.Rmd' using rmarkdown
    --- finished re-building 'small-multiples.Rmd'
    
    SUMMARY: processing the following file failed:
     'html.Rmd'
    
    Error: Vignette re-building failed.
    Execution halted
Flavor: r-devel-windows-x86_64-gcc10-UCRT