CRAN Package Check Results for Package umx

Last updated on 2021-09-18 08:51:01 CEST.

Flavor Version Tinstall Tcheck Ttotal Status Flags
r-devel-linux-x86_64-debian-clang 4.9.0 38.44 412.30 450.74 OK
r-devel-linux-x86_64-debian-gcc 4.9.0 27.99 275.54 303.53 OK
r-devel-linux-x86_64-fedora-clang 4.9.0 386.94 NOTE
r-devel-linux-x86_64-fedora-gcc 4.9.0 473.76 OK
r-devel-windows-x86_64 4.9.0 46.00 548.00 594.00 NOTE
r-devel-windows-x86_64-gcc10-UCRT 4.9.0 OK
r-patched-linux-x86_64 4.9.0 57.83 335.26 393.09 OK
r-release-linux-x86_64 4.9.0 35.48 334.68 370.16 OK
r-release-macos-arm64 4.9.0 NOTE
r-release-macos-x86_64 4.9.0 NOTE
r-release-windows-ix86+x86_64 4.9.0 71.00 398.00 469.00 NOTE
r-oldrel-macos-x86_64 4.9.0 NOTE
r-oldrel-windows-ix86+x86_64 4.9.0 77.00 390.00 467.00 NOTE

Check Details

Version: 4.9.0
Check: installed package size
Result: NOTE
     installed size is 5.5Mb
     sub-directories of 1Mb or more:
     help 4.1Mb
Flavors: r-devel-linux-x86_64-fedora-clang, r-devel-windows-x86_64, r-release-macos-arm64, r-release-macos-x86_64, r-release-windows-ix86+x86_64, r-oldrel-macos-x86_64, r-oldrel-windows-ix86+x86_64

Version: 4.9.0
Check: Rd cross-references
Result: NOTE
    Undeclared package ‘sem’ in Rd xrefs
Flavor: r-devel-linux-x86_64-fedora-clang