CRAN Package Check Results for Package uklr

Last updated on 2022-01-25 07:50:24 CET.

Flavor Version Tinstall Tcheck Ttotal Status Flags
r-devel-linux-x86_64-debian-clang 1.0.2 11.33 80.40 91.73 OK
r-devel-linux-x86_64-debian-gcc 1.0.2 10.83 55.02 65.85 OK
r-devel-linux-x86_64-fedora-clang 1.0.2 101.86 OK
r-devel-linux-x86_64-fedora-gcc 1.0.2 88.67 OK
r-devel-windows-x86_64-new-UL 1.0.2 42.00 100.00 142.00 OK
r-devel-windows-x86_64-new-TK 1.0.2 OK
r-patched-linux-x86_64 1.0.2 11.14 65.37 76.51 OK
r-release-linux-x86_64 1.0.2 8.98 65.74 74.72 OK
r-release-macos-arm64 1.0.2 NOTE
r-release-macos-x86_64 1.0.2 OK
r-release-windows-ix86+x86_64 1.0.2 21.00 84.00 105.00 OK
r-oldrel-macos-x86_64 1.0.2 OK
r-oldrel-windows-ix86+x86_64 1.0.2 20.00 85.00 105.00 OK

Check Details

Version: 1.0.2
Check: installed package size
Result: NOTE
     installed size is 5.4Mb
     sub-directories of 1Mb or more:
     data 5.1Mb
Flavor: r-release-macos-arm64