CRAN Package Check Results for Package twangRDC

Last updated on 2021-07-24 07:49:43 CEST.

Flavor Version Tinstall Tcheck Ttotal Status Flags
r-devel-linux-x86_64-debian-clang 1.0 9.25 527.03 536.28 OK
r-devel-linux-x86_64-debian-gcc 1.0 7.96 595.93 603.89 OK
r-devel-linux-x86_64-fedora-clang 1.0 540.83 NOTE
r-devel-linux-x86_64-fedora-gcc 1.0 561.28 OK
r-devel-windows-x86_64 1.0 13.00 273.00 286.00 OK
r-devel-windows-x86_64-gcc10-UCRT 1.0 OK
r-patched-linux-x86_64 1.0 12.96 486.49 499.45 OK
r-patched-solaris-x86 1.0 615.20 OK
r-release-linux-x86_64 1.0 8.14 489.06 497.20 OK
r-release-macos-arm64 1.0 OK
r-release-macos-x86_64 1.0 OK
r-release-windows-ix86+x86_64 1.0 24.00 303.00 327.00 OK
r-oldrel-macos-x86_64 1.0 OK
r-oldrel-windows-ix86+x86_64 1.0 24.00 330.00 354.00 OK

Check Details

Version: 1.0
Check: Rd cross-references
Result: NOTE
    Undeclared package ‘twang’ in Rd xrefs
Flavor: r-devel-linux-x86_64-fedora-clang