CRAN Package Check Results for Package tuneR

Last updated on 2021-07-31 07:51:03 CEST.

Flavor Version Tinstall Tcheck Ttotal Status Flags
r-devel-linux-x86_64-debian-clang 1.3.3 15.37 59.80 75.17 OK
r-devel-linux-x86_64-debian-gcc 1.3.3 10.16 45.26 55.42 OK
r-devel-linux-x86_64-fedora-clang 1.3.3 98.76 OK
r-devel-linux-x86_64-fedora-gcc 1.3.3 87.60 OK
r-devel-windows-x86_64 1.3.3 24.00 84.00 108.00 OK
r-devel-windows-x86_64-gcc10-UCRT 1.3.3 OK
r-patched-linux-x86_64 1.3.3 OK
r-patched-solaris-x86 1.3.3 110.50 OK
r-release-linux-x86_64 1.3.3 12.74 57.31 70.05 OK
r-release-macos-arm64 1.3.3 OK
r-release-macos-x86_64 1.3.3 WARN
r-release-windows-ix86+x86_64 1.3.3 39.00 77.00 116.00 OK
r-oldrel-macos-x86_64 1.3.3 WARN
r-oldrel-windows-ix86+x86_64 1.3.3 34.00 101.00 135.00 OK

Additional issues

clang-UBSAN gcc11

Check Details

Version: 1.3.3
Check: whether package can be installed
Result: WARN
    Found the following significant warnings:
     frame.c:147:21: warning: result of comparison of constant 4 with expression of type 'enum mad_layer' is always false [-Wtautological-constant-out-of-range-compare]
Flavors: r-release-macos-x86_64, r-oldrel-macos-x86_64