CRAN Package Check Results for Package tune

Last updated on 2021-09-26 07:50:25 CEST.

Flavor Version Tinstall Tcheck Ttotal Status Flags
r-devel-linux-x86_64-debian-clang 0.1.6 24.48 165.72 190.20 OK
r-devel-linux-x86_64-debian-gcc 0.1.6 17.53 124.91 142.44 OK
r-devel-linux-x86_64-fedora-clang 0.1.6 232.35 NOTE
r-devel-linux-x86_64-fedora-gcc 0.1.6 235.65 OK
r-devel-windows-x86_64 0.1.6 25.00 143.00 168.00 OK
r-devel-windows-x86_64-gcc10-UCRT 0.1.6 OK
r-patched-linux-x86_64 0.1.6 25.52 157.43 182.95 OK
r-patched-solaris-x86 0.1.6 303.80 OK
r-release-linux-x86_64 0.1.6 22.41 154.77 177.18 OK
r-release-macos-arm64 0.1.6 OK
r-release-macos-x86_64 0.1.6 OK
r-release-windows-ix86+x86_64 0.1.6 48.00 140.00 188.00 OK
r-oldrel-macos-x86_64 0.1.6 OK
r-oldrel-windows-ix86+x86_64 0.1.6 35.00 143.00 178.00 OK

Check Details

Version: 0.1.6
Check: package dependencies
Result: NOTE
    Imports includes 21 non-default packages.
    Importing from so many packages makes the package vulnerable to any of
    them becoming unavailable. Move as many as possible to Suggests and
    use conditionally.
Flavor: r-devel-linux-x86_64-fedora-clang