CRAN Package Check Results for Package tune

Last updated on 2021-06-24 07:50:31 CEST.

Flavor Version Tinstall Tcheck Ttotal Status Flags
r-devel-linux-x86_64-debian-clang 0.1.5 22.07 162.13 184.20 OK
r-devel-linux-x86_64-debian-gcc 0.1.5 18.18 120.68 138.86 OK
r-devel-linux-x86_64-fedora-clang 0.1.5 226.32 OK
r-devel-linux-x86_64-fedora-gcc 0.1.5 215.26 OK
r-devel-windows-x86_64 0.1.5 33.00 189.00 222.00 OK
r-devel-windows-x86_64-gcc10-UCRT 0.1.5 NOTE
r-patched-linux-x86_64 0.1.5 21.97 153.62 175.59 OK
r-patched-solaris-x86 0.1.5 299.60 OK
r-release-linux-x86_64 0.1.5 22.63 152.90 175.53 OK
r-release-macos-arm64 0.1.5 OK
r-release-macos-x86_64 0.1.5 OK
r-release-windows-ix86+x86_64 0.1.5 36.00 162.00 198.00 OK
r-oldrel-macos-x86_64 0.1.5 OK

Check Details

Version: 0.1.5
Check: package dependencies
Result: NOTE
    Package suggested but not available for checking: 'covr'
Flavor: r-devel-windows-x86_64-gcc10-UCRT