CRAN Package Check Results for Package ttwa

Last updated on 2021-07-28 07:49:46 CEST.

Flavor Version Tinstall Tcheck Ttotal Status Flags
r-devel-linux-x86_64-debian-clang 0.8.5.1 NOTE
r-devel-linux-x86_64-debian-gcc 0.8.5.1 1.84 29.88 31.72 NOTE
r-devel-linux-x86_64-fedora-clang 0.8.5.1 51.22 NOTE
r-devel-linux-x86_64-fedora-gcc 0.8.5.1 39.89 NOTE
r-devel-windows-x86_64 0.8.5.1 4.00 37.00 41.00 NOTE
r-devel-windows-x86_64-gcc10-UCRT 0.8.5.1 NOTE
r-patched-linux-x86_64 0.8.5.1 2.31 33.17 35.48 NOTE
r-patched-solaris-x86 0.8.5.1 56.70 NOTE
r-release-linux-x86_64 0.8.5.1 2.41 34.21 36.62 NOTE
r-release-macos-arm64 0.8.5.1 NOTE
r-release-macos-x86_64 0.8.5.1 NOTE
r-release-windows-ix86+x86_64 0.8.5.1 5.00 33.00 38.00 NOTE
r-oldrel-macos-x86_64 0.8.5.1 NOTE
r-oldrel-windows-ix86+x86_64 0.8.5.1 8.00 43.00 51.00 NOTE

Check Details

Version: 0.8.5.1
Check: DESCRIPTION meta-information
Result: NOTE
    Malformed Title field: should not end in a period.
Flavors: r-devel-linux-x86_64-debian-clang, r-devel-linux-x86_64-debian-gcc, r-devel-linux-x86_64-fedora-clang, r-devel-linux-x86_64-fedora-gcc, r-devel-windows-x86_64, r-devel-windows-x86_64-gcc10-UCRT, r-patched-linux-x86_64, r-patched-solaris-x86, r-release-linux-x86_64, r-release-macos-arm64, r-release-macos-x86_64, r-release-windows-ix86+x86_64, r-oldrel-macos-x86_64, r-oldrel-windows-ix86+x86_64

Version: 0.8.5.1
Check: R code for possible problems
Result: NOTE
    ttwa: no visible global function definition for 'aggregate'
    ttwa: no visible global function definition for 'txtProgressBar'
    ttwa: no visible global function definition for 'setTxtProgressBar'
    Undefined global functions or variables:
     aggregate setTxtProgressBar txtProgressBar
    Consider adding
     importFrom("stats", "aggregate")
     importFrom("utils", "setTxtProgressBar", "txtProgressBar")
    to your NAMESPACE file.
Flavors: r-devel-linux-x86_64-debian-clang, r-devel-linux-x86_64-debian-gcc, r-devel-linux-x86_64-fedora-clang, r-devel-linux-x86_64-fedora-gcc, r-devel-windows-x86_64, r-devel-windows-x86_64-gcc10-UCRT, r-patched-linux-x86_64, r-patched-solaris-x86, r-release-linux-x86_64, r-release-macos-arm64, r-release-macos-x86_64, r-release-windows-ix86+x86_64, r-oldrel-macos-x86_64, r-oldrel-windows-ix86+x86_64