CRAN Package Check Results for Package tseries

Last updated on 2021-05-07 07:47:55 CEST.

Flavor Version Tinstall Tcheck Ttotal Status Flags
r-devel-linux-x86_64-debian-clang 0.10-48 9.48 51.97 61.45 OK
r-devel-linux-x86_64-debian-gcc 0.10-48 6.86 39.57 46.43 OK
r-devel-linux-x86_64-fedora-clang 0.10-48 83.00 OK
r-devel-linux-x86_64-fedora-gcc 0.10-48 69.37 OK
r-devel-windows-ix86+x86_64 0.10-48 19.00 6.00 25.00 ERROR
r-devel-windows-x86_64-gcc10-UCRT 0.10-48 OK
r-patched-linux-x86_64 0.10-48 9.36 49.80 59.16 OK
r-patched-solaris-x86 0.10-48 116.90 OK
r-release-linux-x86_64 0.10-48 9.01 47.74 56.75 OK
r-release-macos-x86_64 0.10-48 OK
r-release-windows-ix86+x86_64 0.10-48 18.00 72.00 90.00 OK
r-oldrel-macos-x86_64 0.10-48 OK
r-oldrel-windows-ix86+x86_64 0.10-48 23.00 66.00 89.00 OK

Check Details

Version: 0.10-48
Check: whether package can be installed
Result: ERROR
    Installation failed.
    See 'd:/Rcompile/CRANpkg/local/4.1/tseries.Rcheck/00install.out'*
Flavor: r-devel-windows-ix86+x86_64