CRAN Package Check Results for Package triebeard

Last updated on 2021-05-08 07:48:26 CEST.

Flavor Version Tinstall Tcheck Ttotal Status Flags
r-devel-linux-x86_64-debian-clang 0.3.0 90.70 33.24 123.94 NOTE
r-devel-linux-x86_64-debian-gcc 0.3.0 55.90 25.94 81.84 NOTE
r-devel-linux-x86_64-fedora-clang 0.3.0 184.48 NOTE
r-devel-linux-x86_64-fedora-gcc 0.3.0 149.28 NOTE
r-devel-windows-ix86+x86_64 0.3.0 163.00 84.00 247.00 NOTE
r-devel-windows-x86_64-gcc10-UCRT 0.3.0 NOTE
r-patched-linux-x86_64 0.3.0 71.44 32.46 103.90 NOTE
r-patched-solaris-x86 0.3.0 139.90 OK
r-release-linux-x86_64 0.3.0 70.88 31.37 102.25 OK
r-release-macos-x86_64 0.3.0 OK
r-release-windows-ix86+x86_64 0.3.0 142.00 67.00 209.00 OK
r-oldrel-macos-x86_64 0.3.0 OK
r-oldrel-windows-ix86+x86_64 0.3.0 182.00 76.00 258.00 OK

Check Details

Version: 0.3.0
Check: LazyData
Result: NOTE
     'LazyData' is specified without a 'data' directory
Flavors: r-devel-linux-x86_64-debian-clang, r-devel-linux-x86_64-debian-gcc, r-devel-linux-x86_64-fedora-clang, r-devel-linux-x86_64-fedora-gcc, r-devel-windows-ix86+x86_64, r-devel-windows-x86_64-gcc10-UCRT, r-patched-linux-x86_64

Version: 0.3.0
Check: compiled code
Result: NOTE
    File ‘triebeard/libs/triebeard.so’:
     Found no calls to: ‘R_registerRoutines’, ‘R_useDynamicSymbols’
    
    It is good practice to register native routines and to disable symbol
    search.
    
    See ‘Writing portable packages’ in the ‘Writing R Extensions’ manual.
Flavors: r-devel-linux-x86_64-fedora-clang, r-devel-linux-x86_64-fedora-gcc