CRAN Package Check Results for Package treeclim

Last updated on 2021-09-19 07:50:53 CEST.

Flavor Version Tinstall Tcheck Ttotal Status Flags
r-devel-linux-x86_64-debian-clang 2.0.5.1 128.15 174.66 302.81 OK
r-devel-linux-x86_64-debian-gcc 2.0.5.1 89.21 122.31 211.52 OK
r-devel-linux-x86_64-fedora-clang 2.0.5.1 403.16 NOTE
r-devel-linux-x86_64-fedora-gcc 2.0.5.1 369.65 OK
r-devel-windows-x86_64 2.0.5.1 138.00 215.00 353.00 OK
r-devel-windows-x86_64-gcc10-UCRT 2.0.5.1 ERROR
r-patched-linux-x86_64 2.0.5.1 104.00 164.40 268.40 OK
r-patched-solaris-x86 2.0.5.1 407.00 OK
r-release-linux-x86_64 2.0.5.1 98.83 160.65 259.48 OK
r-release-macos-arm64 2.0.5.1 OK
r-release-macos-x86_64 2.0.5.1 OK
r-release-windows-ix86+x86_64 2.0.5.1 300.00 221.00 521.00 OK
r-oldrel-macos-x86_64 2.0.5.1 OK
r-oldrel-windows-ix86+x86_64 2.0.5.1 300.00 227.00 527.00 OK

Check Details

Version: 2.0.5.1
Check: Rd cross-references
Result: NOTE
    Undeclared package ‘dplR’ in Rd xrefs
Flavor: r-devel-linux-x86_64-fedora-clang

Version: 2.0.5.1
Check: whether package can be installed
Result: ERROR
    Installation failed.
Flavor: r-devel-windows-x86_64-gcc10-UCRT