CRAN Package Check Results for Package toxEval

Last updated on 2021-06-22 07:49:48 CEST.

Flavor Version Tinstall Tcheck Ttotal Status Flags
r-devel-linux-x86_64-debian-clang 1.2.0 19.32 173.91 193.23 NOTE
r-devel-linux-x86_64-debian-gcc 1.2.0 15.64 127.67 143.31 NOTE
r-devel-linux-x86_64-fedora-clang 1.2.0 232.48 NOTE
r-devel-linux-x86_64-fedora-gcc 1.2.0 224.97 NOTE
r-devel-windows-x86_64 1.2.0 28.00 225.00 253.00 NOTE
r-devel-windows-x86_64-gcc10-UCRT 1.2.0 NOTE
r-patched-linux-x86_64 1.2.0 18.94 167.08 186.02 NOTE
r-patched-solaris-x86 1.2.0 300.50 NOTE
r-release-linux-x86_64 1.2.0 14.81 164.78 179.59 NOTE
r-release-macos-arm64 1.2.0 NOTE
r-release-macos-x86_64 1.2.0 NOTE
r-release-windows-ix86+x86_64 1.2.0 33.00 209.00 242.00 NOTE
r-oldrel-macos-x86_64 1.2.0 OK

Check Details

Version: 1.2.0
Check: LazyData
Result: NOTE
     'LazyData' is specified without a 'data' directory
Flavors: r-devel-linux-x86_64-debian-clang, r-devel-linux-x86_64-debian-gcc, r-devel-linux-x86_64-fedora-clang, r-devel-linux-x86_64-fedora-gcc, r-devel-windows-x86_64, r-devel-windows-x86_64-gcc10-UCRT, r-patched-linux-x86_64, r-patched-solaris-x86, r-release-linux-x86_64, r-release-macos-arm64, r-release-macos-x86_64, r-release-windows-ix86+x86_64

Version: 1.2.0
Check: package dependencies
Result: NOTE
    Package suggested but not available for checking: 'covr'
Flavor: r-devel-windows-x86_64-gcc10-UCRT