CRAN Package Check Results for Package tourr

Last updated on 2021-06-22 07:49:48 CEST.

Flavor Version Tinstall Tcheck Ttotal Status Flags
r-devel-linux-x86_64-debian-clang 0.6.0 5.37 84.05 89.42 OK
r-devel-linux-x86_64-debian-gcc 0.6.0 4.71 63.69 68.40 OK
r-devel-linux-x86_64-fedora-clang 0.6.0 112.91 NOTE
r-devel-linux-x86_64-fedora-gcc 0.6.0 105.76 NOTE
r-devel-windows-x86_64 0.6.0 9.00 124.00 133.00 OK
r-devel-windows-x86_64-gcc10-UCRT 0.6.0 NOTE
r-patched-linux-x86_64 0.6.0 6.20 81.78 87.98 OK
r-patched-solaris-x86 0.6.0 133.70 NOTE
r-release-linux-x86_64 0.6.0 5.43 80.27 85.70 OK
r-release-macos-arm64 0.6.0 NOTE
r-release-macos-x86_64 0.6.0 NOTE
r-release-windows-ix86+x86_64 0.6.0 12.00 118.00 130.00 OK
r-oldrel-macos-x86_64 0.6.0 NOTE

Check Details

Version: 0.6.0
Check: dependencies in R code
Result: NOTE
    Namespace in Imports field not imported from: ‘tibble’
     All declared Imports should be used.
Flavors: r-devel-linux-x86_64-fedora-clang, r-devel-linux-x86_64-fedora-gcc, r-devel-windows-x86_64-gcc10-UCRT, r-patched-solaris-x86, r-release-macos-arm64, r-release-macos-x86_64, r-oldrel-macos-x86_64

Version: 0.6.0
Check: package dependencies
Result: NOTE
    Package suggested but not available for checking: 'covr'
Flavor: r-devel-windows-x86_64-gcc10-UCRT

Version: 0.6.0
Check: package dependencies
Result: NOTE
    Package suggested but not available for checking: ‘gifski’
Flavor: r-patched-solaris-x86