CRAN Package Check Results for Package totalcensus

Last updated on 2021-08-02 07:52:10 CEST.

Flavor Version Tinstall Tcheck Ttotal Status Flags
r-devel-linux-x86_64-debian-clang 0.6.6 14.68 64.61 79.29 OK
r-devel-linux-x86_64-debian-gcc 0.6.6 14.71 49.63 64.34 OK
r-devel-linux-x86_64-fedora-clang 0.6.6 109.18 NOTE
r-devel-linux-x86_64-fedora-gcc 0.6.6 95.82 NOTE
r-devel-windows-x86_64 0.6.6 18.00 82.00 100.00 OK
r-devel-windows-x86_64-gcc10-UCRT 0.6.6 NOTE
r-patched-linux-x86_64 0.6.6 OK
r-patched-solaris-x86 0.6.6 145.50 NOTE
r-release-linux-x86_64 0.6.6 15.18 62.05 77.23 OK
r-release-macos-arm64 0.6.6 NOTE
r-release-macos-x86_64 0.6.6 NOTE
r-release-windows-ix86+x86_64 0.6.6 29.00 68.00 97.00 OK
r-oldrel-macos-x86_64 0.6.6 NOTE
r-oldrel-windows-ix86+x86_64 0.6.6 21.00 82.00 103.00 OK

Check Details

Version: 0.6.6
Check: data for non-ASCII characters
Result: NOTE
     Note: found 100 marked Latin-1 strings
     Note: found 548 marked UTF-8 strings
Flavors: r-devel-linux-x86_64-fedora-clang, r-devel-linux-x86_64-fedora-gcc, r-devel-windows-x86_64-gcc10-UCRT, r-patched-solaris-x86, r-release-macos-arm64, r-release-macos-x86_64, r-oldrel-macos-x86_64

Version: 0.6.6
Check: installed package size
Result: NOTE
     installed size is 5.1Mb
     sub-directories of 1Mb or more:
     data 4.5Mb
Flavors: r-patched-solaris-x86, r-release-macos-arm64