CRAN Package Check Results for Package togglr

Last updated on 2021-10-18 07:50:00 CEST.

Flavor Version Tinstall Tcheck Ttotal Status Flags
r-devel-linux-x86_64-debian-clang 0.1.33 5.97 51.88 57.85 NOTE
r-devel-linux-x86_64-debian-gcc 0.1.33 4.69 39.50 44.19 NOTE
r-devel-linux-x86_64-fedora-clang 0.1.33 77.24 NOTE
r-devel-linux-x86_64-fedora-gcc 0.1.33 67.88 NOTE
r-devel-windows-x86_64 0.1.33 10.00 62.00 72.00 NOTE
r-devel-windows-x86_64-gcc10-UCRT 0.1.33 NOTE
r-patched-linux-x86_64 0.1.33 5.89 48.26 54.15 NOTE
r-patched-solaris-x86 0.1.33 102.30 NOTE
r-release-linux-x86_64 0.1.33 5.07 48.01 53.08 NOTE
r-release-macos-arm64 0.1.33 NOTE
r-release-macos-x86_64 0.1.33 NOTE
r-release-windows-ix86+x86_64 0.1.33 14.00 70.00 84.00 NOTE
r-oldrel-macos-x86_64 0.1.33 OK
r-oldrel-windows-ix86+x86_64 0.1.33 16.00 78.00 94.00 OK

Check Details

Version: 0.1.33
Check: LazyData
Result: NOTE
     'LazyData' is specified without a 'data' directory
Flavors: r-devel-linux-x86_64-debian-clang, r-devel-linux-x86_64-debian-gcc, r-devel-linux-x86_64-fedora-clang, r-devel-linux-x86_64-fedora-gcc, r-devel-windows-x86_64, r-devel-windows-x86_64-gcc10-UCRT, r-patched-linux-x86_64, r-patched-solaris-x86, r-release-linux-x86_64, r-release-macos-arm64, r-release-macos-x86_64, r-release-windows-ix86+x86_64