CRAN Package Check Results for Package tmvtnorm

Last updated on 2021-09-21 07:50:41 CEST.

Flavor Version Tinstall Tcheck Ttotal Status Flags
r-devel-linux-x86_64-debian-clang 1.4-10 11.83 110.71 122.54 OK
r-devel-linux-x86_64-debian-gcc 1.4-10 7.43 82.11 89.54 OK
r-devel-linux-x86_64-fedora-clang 1.4-10 152.58 NOTE
r-devel-linux-x86_64-fedora-gcc 1.4-10 140.96 NOTE
r-devel-windows-x86_64 1.4-10 13.00 113.00 126.00 OK
r-devel-windows-x86_64-gcc10-UCRT 1.4-10 ERROR
r-patched-linux-x86_64 1.4-10 11.39 102.53 113.92 OK
r-patched-solaris-x86 1.4-10 189.90 OK
r-release-linux-x86_64 1.4-10 10.74 101.94 112.68 OK
r-release-macos-arm64 1.4-10 OK
r-release-macos-x86_64 1.4-10 OK
r-release-windows-ix86+x86_64 1.4-10 26.00 147.00 173.00 OK
r-oldrel-macos-x86_64 1.4-10 OK
r-oldrel-windows-ix86+x86_64 1.4-10 24.00 146.00 170.00 OK

Check Details

Version: 1.4-10
Check: compiled code
Result: NOTE
    File ‘tmvtnorm/libs/tmvtnorm.so’:
     Found no calls to: ‘R_registerRoutines’, ‘R_useDynamicSymbols’
    
    It is good practice to register native routines and to disable symbol
    search.
    
    See ‘Writing portable packages’ in the ‘Writing R Extensions’ manual.
Flavors: r-devel-linux-x86_64-fedora-clang, r-devel-linux-x86_64-fedora-gcc

Version: 1.4-10
Check: whether package can be installed
Result: ERROR
    Installation failed.
Flavor: r-devel-windows-x86_64-gcc10-UCRT