CRAN Package Check Results for Package tmt

Last updated on 2021-10-24 07:57:36 CEST.

Flavor Version Tinstall Tcheck Ttotal Status Flags
r-devel-linux-x86_64-debian-clang 0.2.1-0 33.04 83.77 116.81 NOTE
r-devel-linux-x86_64-debian-gcc 0.2.1-0 26.22 61.99 88.21 NOTE
r-devel-linux-x86_64-fedora-clang 0.2.1-0 161.83 NOTE
r-devel-linux-x86_64-fedora-gcc 0.2.1-0 144.78 NOTE
r-devel-windows-x86_64 0.2.1-0 45.00 98.00 143.00 NOTE
r-devel-windows-x86_64-gcc10-UCRT 0.2.1-0 NOTE
r-patched-linux-x86_64 0.2.1-0 28.40 77.88 106.28 NOTE
r-patched-solaris-x86 0.2.1-0 175.80 NOTE
r-release-linux-x86_64 0.2.1-0 28.84 78.07 106.91 NOTE
r-release-macos-arm64 0.2.1-0 NOTE
r-release-macos-x86_64 0.2.1-0 NOTE
r-release-windows-ix86+x86_64 0.2.1-0 66.00 176.00 242.00 NOTE
r-oldrel-macos-x86_64 0.2.1-0 OK
r-oldrel-windows-ix86+x86_64 0.2.1-0 82.00 166.00 248.00 OK

Check Details

Version: 0.2.1-0
Check: LazyData
Result: NOTE
     'LazyData' is specified without a 'data' directory
Flavors: r-devel-linux-x86_64-debian-clang, r-devel-linux-x86_64-debian-gcc, r-devel-linux-x86_64-fedora-clang, r-devel-linux-x86_64-fedora-gcc, r-devel-windows-x86_64, r-devel-windows-x86_64-gcc10-UCRT, r-patched-linux-x86_64, r-patched-solaris-x86, r-release-linux-x86_64, r-release-macos-arm64, r-release-macos-x86_64, r-release-windows-ix86+x86_64