CRAN Package Check Results for Package tiler

Last updated on 2021-08-05 07:49:55 CEST.

Flavor Version Tinstall Tcheck Ttotal Status Flags
r-devel-linux-x86_64-debian-clang 0.2.5 2.01 33.40 35.41 NOTE
r-devel-linux-x86_64-debian-gcc 0.2.5 1.93 26.40 28.33 NOTE
r-devel-linux-x86_64-fedora-clang 0.2.5 52.54 NOTE
r-devel-linux-x86_64-fedora-gcc 0.2.5 42.96 NOTE
r-devel-windows-x86_64 0.2.5 4.00 38.00 42.00 NOTE
r-devel-windows-x86_64-gcc10-UCRT 0.2.5 ERROR
r-patched-linux-x86_64 0.2.5 2.52 32.63 35.15 NOTE
r-patched-solaris-x86 0.2.5 67.10 NOTE
r-release-linux-x86_64 0.2.5 1.95 32.58 34.53 NOTE
r-release-macos-arm64 0.2.5 NOTE
r-release-macos-x86_64 0.2.5 NOTE
r-release-windows-ix86+x86_64 0.2.5 7.00 43.00 50.00 NOTE
r-oldrel-macos-x86_64 0.2.5 NOTE
r-oldrel-windows-ix86+x86_64 0.2.5 4.00 49.00 53.00 OK

Check Details

Version: 0.2.5
Check: LazyData
Result: NOTE
     'LazyData' is specified without a 'data' directory
Flavors: r-devel-linux-x86_64-debian-clang, r-devel-linux-x86_64-debian-gcc, r-devel-linux-x86_64-fedora-clang, r-devel-linux-x86_64-fedora-gcc, r-devel-windows-x86_64, r-devel-windows-x86_64-gcc10-UCRT, r-patched-linux-x86_64, r-patched-solaris-x86, r-release-linux-x86_64, r-release-macos-arm64, r-release-macos-x86_64, r-release-windows-ix86+x86_64

Version: 0.2.5
Check: dependencies in R code
Result: NOTE
    Namespace in Imports field not imported from: ‘rgdal’
     All declared Imports should be used.
Flavors: r-devel-linux-x86_64-fedora-clang, r-devel-linux-x86_64-fedora-gcc, r-devel-windows-x86_64-gcc10-UCRT, r-patched-solaris-x86, r-release-macos-arm64, r-release-macos-x86_64, r-oldrel-macos-x86_64

Version: 0.2.5
Check: package dependencies
Result: NOTE
    Packages suggested but not available for checking: 'testthat', 'leaflet'
Flavor: r-devel-windows-x86_64-gcc10-UCRT

Version: 0.2.5
Check: tests
Result: ERROR
     Running 'testthat.R'
    Running the tests in 'tests/testthat.R' failed.
    Complete output:
     > library(testthat)
     Error in library(testthat) : there is no package called 'testthat'
     Execution halted
Flavor: r-devel-windows-x86_64-gcc10-UCRT